-- --------------------------------------------------------
-- Versión del servidor:         5.7.19 - MySQL Community Server (GPL)
-- SO del servidor:              Win64
-- HeidiSQL Versión:             9.5.0.5196
-- --------------------------------------------------------



-- Volcando estructura de base de datos para chefburger
CREATE DATABASE IF NOT EXISTS `chefburger` /*!40100 DEFAULT CHARACTER SET utf8 */;
USE `chefburger`;

-- Volcando estructura para tabla chefburger.attach_file
CREATE TABLE IF NOT EXISTS `attach_file` (
  `id` int(11) NOT NULL AUTO_INCREMENT,
  `name` varchar(255) COLLATE utf8_unicode_ci NOT NULL,
  `model` varchar(255) COLLATE utf8_unicode_ci NOT NULL,
  `itemId` int(11) NOT NULL,
  `hash` varchar(255) COLLATE utf8_unicode_ci NOT NULL,
  `size` int(11) NOT NULL,
  `type` varchar(255) COLLATE utf8_unicode_ci NOT NULL,
  `mime` varchar(255) COLLATE utf8_unicode_ci NOT NULL,
  PRIMARY KEY (`id`),
  KEY `file_model` (`model`),
  KEY `file_item_id` (`itemId`)
) ENGINE=InnoDB AUTO_INCREMENT=26 DEFAULT CHARSET=utf8 COLLATE=utf8_unicode_ci;

-- Volcando datos para la tabla chefburger.attach_file: ~21 rows (aproximadamente)
DELETE FROM `attach_file`;
INSERT INTO `attach_file` (`id`, `name`, `model`, `itemId`, `hash`, `size`, `type`, `mime`) VALUES
	(1, 'Organic-Beetroot-1kg-269x279', 'Hotel', 2, '72845ad50c3bd6bc80bcde5643f9d168', 81645, 'png', 'image/png'),
	(2, 'Organic-Cauliflower-269x279', 'Hotel', 2, 'd4ced846b5cad14d655aa754c33fe97c', 99016, 'png', 'image/png'),
	(7, '01_penalisa_exteriores', 'Hotel', 1, '11353b7caf1670b1daa33deaa5ff5839', 195057, 'jpg', 'image/jpeg'),
	(8, '04_penalisa_exteriores', 'Hotel', 1, 'd56173100d7a1f27297951b626718cb9', 125354, 'jpg', 'image/jpeg'),
	(9, '05_penalisa_exteriores', 'Hotel', 1, '3cae47a52892c866a38b42c114dc0f4a', 181572, 'jpg', 'image/jpeg'),
	(10, '06_penalisa_exteriores', 'Hotel', 1, '9896e966e91788bfdb451d485dde5998', 182577, 'jpg', 'image/jpeg'),
	(11, '01_penalisa_exteriores', 'Hotel', 3, 'c660fce4b629e0658c1f05cd56843de5', 195057, 'jpg', 'image/jpeg'),
	(12, '04_penalisa_exteriores', 'Hotel', 3, '6f3bd28835ffabb727343b4559d1892a', 125354, 'jpg', 'image/jpeg'),
	(13, '05_penalisa_exteriores', 'Hotel', 3, '9103fb3585742f3ac31626aa8edfc8ce', 181572, 'jpg', 'image/jpeg'),
	(14, '06_penalisa_exteriores', 'Hotel', 3, 'cae800dc547d6b100c0c7c0ea555a091', 182577, 'jpg', 'image/jpeg'),
	(15, '01_bosques_exteriores', 'Hotel', 4, 'f1d985f1cc3cf7f206cdd811cddef819', 721858, 'jpg', 'image/jpeg'),
	(16, '01_bosques_toboganes', 'Hotel', 4, '90ec3adb526b7ba154e1ae12114f51c8', 118486, 'jpg', 'image/jpeg'),
	(17, '02_bosques_exteriores', 'Hotel', 4, '23fe6539325f159f7d7ea3adfc904ede', 140964, 'jpg', 'image/jpeg'),
	(18, '02_bosques_piscinas', 'Hotel', 4, '1d6ee3de6dc039f1380b306d9507413c', 129704, 'jpg', 'image/jpeg'),
	(19, '02_bosques_recreacion', 'Hotel', 4, '75a141ef8e52ecb2431a96b6c260c8a1', 83584, 'jpg', 'image/jpeg'),
	(20, '03_bosques_exteriores', 'Hotel', 4, '74174aec49713b0af7c903725bdb1500', 757480, 'jpg', 'image/jpeg'),
	(21, '03_bosques_piscinas', 'Hotel', 4, '777d72f645f7f9e603304907d7fe1562', 126095, 'jpg', 'image/jpeg'),
	(22, '05_bosques_toboganes', 'Hotel', 4, '65f90f1d824623aec3b1a1cd326c982f', 129674, 'jpg', 'image/jpeg'),
	(23, '10_bosques_toboganes', 'Hotel', 4, '15450fa37691730c3ff1ce3333c57c81', 78544, 'jpg', 'image/jpeg'),
	(24, '595d9a214b74f', 'Hotel', 3, '3ceb081034f7ae7fbfb2c2c0711396cf', 67389, 'jpeg', 'image/jpeg'),
	(25, '595d9a214b74f', 'Room', 2, 'cb7289f85fb67af007ed5e44436fb208', 67389, 'jpeg', 'image/jpeg');

-- Volcando estructura para tabla chefburger.auth_api_rest
CREATE TABLE IF NOT EXISTS `auth_api_rest` (
  `id` int(11) NOT NULL AUTO_INCREMENT,
  `username` varchar(45) NOT NULL,
  `password` varchar(250) NOT NULL,
  `module` varchar(250) NOT NULL,
  `created` datetime DEFAULT NULL,
  `created_by` varchar(45) DEFAULT NULL,
  `modified` datetime DEFAULT NULL,
  `modified_by` varchar(45) DEFAULT NULL,
  PRIMARY KEY (`id`)
) ENGINE=InnoDB AUTO_INCREMENT=2 DEFAULT CHARSET=utf8;

-- Volcando datos para la tabla chefburger.auth_api_rest: ~0 rows (aproximadamente)
DELETE FROM `auth_api_rest`;
INSERT INTO `auth_api_rest` (`id`, `username`, `password`, `module`, `created`, `created_by`, `modified`, `modified_by`) VALUES
	(1, 'recreacion.api', 'c2c676cb55cb50ec4b9a4d68953aa55b', 'Recreacion', '2018-08-14 12:22:17', 'admin', '2018-08-14 12:23:03', 'admin');

-- Volcando estructura para tabla chefburger.auth_assignment
CREATE TABLE IF NOT EXISTS `auth_assignment` (
  `item_name` varchar(64) COLLATE utf8_unicode_ci NOT NULL,
  `user_id` varchar(64) COLLATE utf8_unicode_ci NOT NULL,
  `created_at` int(11) DEFAULT NULL,
  PRIMARY KEY (`item_name`,`user_id`),
  KEY `auth_assignment_user_id_idx` (`user_id`),
  CONSTRAINT `auth_assignment_ibfk_1` FOREIGN KEY (`item_name`) REFERENCES `auth_item` (`name`) ON DELETE CASCADE ON UPDATE CASCADE
) ENGINE=InnoDB DEFAULT CHARSET=utf8 COLLATE=utf8_unicode_ci;

-- Volcando datos para la tabla chefburger.auth_assignment: ~2 rows (aproximadamente)
DELETE FROM `auth_assignment`;
INSERT INTO `auth_assignment` (`item_name`, `user_id`, `created_at`) VALUES
	('Administrador', '1', 1531929749),
	('Punto de venta', '2', 1544535389);

-- Volcando estructura para tabla chefburger.auth_item
CREATE TABLE IF NOT EXISTS `auth_item` (
  `name` varchar(64) COLLATE utf8_unicode_ci NOT NULL,
  `type` smallint(6) NOT NULL,
  `description` text COLLATE utf8_unicode_ci,
  `rule_name` varchar(64) COLLATE utf8_unicode_ci DEFAULT NULL,
  `data` blob,
  `created_at` int(11) DEFAULT NULL,
  `updated_at` int(11) DEFAULT NULL,
  PRIMARY KEY (`name`),
  KEY `rule_name` (`rule_name`),
  KEY `idx-auth_item-type` (`type`),
  CONSTRAINT `auth_item_ibfk_1` FOREIGN KEY (`rule_name`) REFERENCES `auth_rule` (`name`) ON DELETE SET NULL ON UPDATE CASCADE
) ENGINE=InnoDB DEFAULT CHARSET=utf8 COLLATE=utf8_unicode_ci;

-- Volcando datos para la tabla chefburger.auth_item: ~140 rows (aproximadamente)
DELETE FROM `auth_item`;
INSERT INTO `auth_item` (`name`, `type`, `description`, `rule_name`, `data`, `created_at`, `updated_at`) VALUES
	('/*', 2, NULL, NULL, NULL, 1531929710, 1531929710),
	('/admin/*', 2, NULL, NULL, NULL, 1531921752, 1531921752),
	('/admin/assignment/*', 2, NULL, NULL, NULL, 1531921749, 1531921749),
	('/admin/assignment/assign', 2, NULL, NULL, NULL, 1531921749, 1531921749),
	('/admin/assignment/index', 2, NULL, NULL, NULL, 1531921749, 1531921749),
	('/admin/assignment/revoke', 2, NULL, NULL, NULL, 1531921749, 1531921749),
	('/admin/assignment/view', 2, NULL, NULL, NULL, 1531921749, 1531921749),
	('/admin/default/*', 2, NULL, NULL, NULL, 1531921749, 1531921749),
	('/admin/default/index', 2, NULL, NULL, NULL, 1531921749, 1531921749),
	('/admin/menu/*', 2, NULL, NULL, NULL, 1531921750, 1531921750),
	('/admin/menu/create', 2, NULL, NULL, NULL, 1531921749, 1531921749),
	('/admin/menu/delete', 2, NULL, NULL, NULL, 1531921750, 1531921750),
	('/admin/menu/index', 2, NULL, NULL, NULL, 1531921749, 1531921749),
	('/admin/menu/update', 2, NULL, NULL, NULL, 1531921749, 1531921749),
	('/admin/menu/view', 2, NULL, NULL, NULL, 1531921749, 1531921749),
	('/admin/permission/*', 2, NULL, NULL, NULL, 1531921750, 1531921750),
	('/admin/permission/assign', 2, NULL, NULL, NULL, 1531921750, 1531921750),
	('/admin/permission/create', 2, NULL, NULL, NULL, 1531921750, 1531921750),
	('/admin/permission/delete', 2, NULL, NULL, NULL, 1531921750, 1531921750),
	('/admin/permission/index', 2, NULL, NULL, NULL, 1531921750, 1531921750),
	('/admin/permission/remove', 2, NULL, NULL, NULL, 1531921750, 1531921750),
	('/admin/permission/update', 2, NULL, NULL, NULL, 1531921750, 1531921750),
	('/admin/permission/view', 2, NULL, NULL, NULL, 1531921750, 1531921750),
	('/admin/role/*', 2, NULL, NULL, NULL, 1531921751, 1531921751),
	('/admin/role/assign', 2, NULL, NULL, NULL, 1531921750, 1531921750),
	('/admin/role/create', 2, NULL, NULL, NULL, 1531921750, 1531921750),
	('/admin/role/delete', 2, NULL, NULL, NULL, 1531921750, 1531921750),
	('/admin/role/index', 2, NULL, NULL, NULL, 1531921750, 1531921750),
	('/admin/role/remove', 2, NULL, NULL, NULL, 1531921751, 1531921751),
	('/admin/role/update', 2, NULL, NULL, NULL, 1531921750, 1531921750),
	('/admin/role/view', 2, NULL, NULL, NULL, 1531921750, 1531921750),
	('/admin/route/*', 2, NULL, NULL, NULL, 1531921751, 1531921751),
	('/admin/route/assign', 2, NULL, NULL, NULL, 1531921751, 1531921751),
	('/admin/route/create', 2, NULL, NULL, NULL, 1531921751, 1531921751),
	('/admin/route/index', 2, NULL, NULL, NULL, 1531921751, 1531921751),
	('/admin/route/refresh', 2, NULL, NULL, NULL, 1531921751, 1531921751),
	('/admin/route/remove', 2, NULL, NULL, NULL, 1531921751, 1531921751),
	('/admin/rule/*', 2, NULL, NULL, NULL, 1531921751, 1531921751),
	('/admin/rule/create', 2, NULL, NULL, NULL, 1531921751, 1531921751),
	('/admin/rule/delete', 2, NULL, NULL, NULL, 1531921751, 1531921751),
	('/admin/rule/index', 2, NULL, NULL, NULL, 1531921751, 1531921751),
	('/admin/rule/update', 2, NULL, NULL, NULL, 1531921751, 1531921751),
	('/admin/rule/view', 2, NULL, NULL, NULL, 1531921751, 1531921751),
	('/admin/user/*', 2, NULL, NULL, NULL, 1531921752, 1531921752),
	('/admin/user/activate', 2, NULL, NULL, NULL, 1531921752, 1531921752),
	('/admin/user/change-password', 2, NULL, NULL, NULL, 1531921752, 1531921752),
	('/admin/user/delete', 2, NULL, NULL, NULL, 1531921751, 1531921751),
	('/admin/user/index', 2, NULL, NULL, NULL, 1531921751, 1531921751),
	('/admin/user/login', 2, NULL, NULL, NULL, 1531921751, 1531921751),
	('/admin/user/logout', 2, NULL, NULL, NULL, 1531921751, 1531921751),
	('/admin/user/request-password-reset', 2, NULL, NULL, NULL, 1531921751, 1531921751),
	('/admin/user/reset-password', 2, NULL, NULL, NULL, 1531921751, 1531921751),
	('/admin/user/signup', 2, NULL, NULL, NULL, 1531921751, 1531921751),
	('/admin/user/view', 2, NULL, NULL, NULL, 1531921751, 1531921751),
	('/configpdv/*', 2, NULL, NULL, NULL, 1540242715, 1540242715),
	('/configpdv/create', 2, NULL, NULL, NULL, 1540242715, 1540242715),
	('/configpdv/delete', 2, NULL, NULL, NULL, 1540242715, 1540242715),
	('/configpdv/index', 2, NULL, NULL, NULL, 1540242715, 1540242715),
	('/configpdv/update', 2, NULL, NULL, NULL, 1540242715, 1540242715),
	('/configpdv/view', 2, NULL, NULL, NULL, 1540242715, 1540242715),
	('/debug/*', 2, NULL, NULL, NULL, 1531921752, 1531921752),
	('/debug/default/*', 2, NULL, NULL, NULL, 1531921752, 1531921752),
	('/debug/default/db-explain', 2, NULL, NULL, NULL, 1531921752, 1531921752),
	('/debug/default/download-mail', 2, NULL, NULL, NULL, 1531921752, 1531921752),
	('/debug/default/index', 2, NULL, NULL, NULL, 1531921752, 1531921752),
	('/debug/default/toolbar', 2, NULL, NULL, NULL, 1531921752, 1531921752),
	('/debug/default/view', 2, NULL, NULL, NULL, 1531921752, 1531921752),
	('/debug/user/*', 2, NULL, NULL, NULL, 1531921752, 1531921752),
	('/debug/user/reset-identity', 2, NULL, NULL, NULL, 1531921752, 1531921752),
	('/debug/user/set-identity', 2, NULL, NULL, NULL, 1531921752, 1531921752),
	('/entry/*', 2, NULL, NULL, NULL, 1544627096, 1544627096),
	('/entry/create', 2, NULL, NULL, NULL, 1544627096, 1544627096),
	('/entry/delete', 2, NULL, NULL, NULL, 1544627096, 1544627096),
	('/entry/getbranches', 2, NULL, NULL, NULL, 1544651582, 1544651582),
	('/entry/getcellar', 2, NULL, NULL, NULL, 1544651582, 1544651582),
	('/entry/getcellarin', 2, NULL, NULL, NULL, 1544651582, 1544651582),
	('/entry/getclient', 2, NULL, NULL, NULL, 1544651582, 1544651582),
	('/entry/getproducts', 2, NULL, NULL, NULL, 1544651582, 1544651582),
	('/entry/index', 2, NULL, NULL, NULL, 1544627096, 1544627096),
	('/entry/update', 2, NULL, NULL, NULL, 1544627096, 1544627096),
	('/entry/view', 2, NULL, NULL, NULL, 1544627096, 1544627096),
	('/gii/*', 2, NULL, NULL, NULL, 1531921752, 1531921752),
	('/gii/default/*', 2, NULL, NULL, NULL, 1531921752, 1531921752),
	('/gii/default/action', 2, NULL, NULL, NULL, 1531921752, 1531921752),
	('/gii/default/diff', 2, NULL, NULL, NULL, 1531921752, 1531921752),
	('/gii/default/index', 2, NULL, NULL, NULL, 1531921752, 1531921752),
	('/gii/default/preview', 2, NULL, NULL, NULL, 1531921752, 1531921752),
	('/gii/default/view', 2, NULL, NULL, NULL, 1531921752, 1531921752),
	('/gridview/*', 2, NULL, NULL, NULL, 1540242725, 1540242725),
	('/gridview/export/*', 2, NULL, NULL, NULL, 1540242725, 1540242725),
	('/gridview/export/download', 2, NULL, NULL, NULL, 1540242725, 1540242725),
	('/recreacion/*', 2, NULL, NULL, NULL, 1532439805, 1532439805),
	('/recreacion/authapirest/*', 2, NULL, NULL, NULL, 1533940542, 1533940542),
	('/recreacion/authapirest/create', 2, NULL, NULL, NULL, 1533940542, 1533940542),
	('/recreacion/authapirest/delete', 2, NULL, NULL, NULL, 1533940542, 1533940542),
	('/recreacion/authapirest/index', 2, NULL, NULL, NULL, 1533940541, 1533940541),
	('/recreacion/authapirest/update', 2, NULL, NULL, NULL, 1533940542, 1533940542),
	('/recreacion/authapirest/view', 2, NULL, NULL, NULL, 1533940541, 1533940541),
	('/recreacion/city/*', 2, NULL, NULL, NULL, 1533939136, 1533939136),
	('/recreacion/city/create', 2, NULL, NULL, NULL, 1533939136, 1533939136),
	('/recreacion/city/delete', 2, NULL, NULL, NULL, 1533939136, 1533939136),
	('/recreacion/city/index', 2, NULL, NULL, NULL, 1533939136, 1533939136),
	('/recreacion/city/update', 2, NULL, NULL, NULL, 1533939136, 1533939136),
	('/recreacion/city/view', 2, NULL, NULL, NULL, 1533939136, 1533939136),
	('/recreacion/default/*', 2, NULL, NULL, NULL, 1532439804, 1532439804),
	('/recreacion/default/index', 2, NULL, NULL, NULL, 1532439804, 1532439804),
	('/recreacion/hotel/*', 2, NULL, NULL, NULL, 1532439805, 1532439805),
	('/recreacion/hotel/create', 2, NULL, NULL, NULL, 1532439805, 1532439805),
	('/recreacion/hotel/delete', 2, NULL, NULL, NULL, 1532439805, 1532439805),
	('/recreacion/hotel/index', 2, NULL, NULL, NULL, 1532439804, 1532439804),
	('/recreacion/hotel/update', 2, NULL, NULL, NULL, 1532439805, 1532439805),
	('/recreacion/hotel/view', 2, NULL, NULL, NULL, 1532439805, 1532439805),
	('/recreacion/room/*', 2, NULL, NULL, NULL, 1534282547, 1534282547),
	('/recreacion/room/create', 2, NULL, NULL, NULL, 1534282547, 1534282547),
	('/recreacion/room/delete', 2, NULL, NULL, NULL, 1534282547, 1534282547),
	('/recreacion/room/index', 2, NULL, NULL, NULL, 1534282547, 1534282547),
	('/recreacion/room/update', 2, NULL, NULL, NULL, 1534282547, 1534282547),
	('/recreacion/room/view', 2, NULL, NULL, NULL, 1534282547, 1534282547),
	('/requisition/*', 2, NULL, NULL, NULL, 1538943881, 1538943881),
	('/requisition/changebuttom', 2, NULL, NULL, NULL, 1539118989, 1539118989),
	('/requisition/create', 2, NULL, NULL, NULL, 1538943880, 1538943880),
	('/requisition/delete', 2, NULL, NULL, NULL, 1538943881, 1538943881),
	('/requisition/getbranches', 2, NULL, NULL, NULL, 1539118993, 1539118993),
	('/requisition/getclient', 2, NULL, NULL, NULL, 1539118983, 1539118983),
	('/requisition/getproducts', 2, NULL, NULL, NULL, 1539118991, 1539118991),
	('/requisition/index', 2, NULL, NULL, NULL, 1538943880, 1538943880),
	('/requisition/update', 2, NULL, NULL, NULL, 1538943881, 1538943881),
	('/requisition/view', 2, NULL, NULL, NULL, 1538943880, 1538943880),
	('/requisitiondetail/*', 2, NULL, NULL, NULL, 1538943881, 1538943881),
	('/requisitiondetail/create', 2, NULL, NULL, NULL, 1538943881, 1538943881),
	('/requisitiondetail/delete', 2, NULL, NULL, NULL, 1538943881, 1538943881),
	('/requisitiondetail/index', 2, NULL, NULL, NULL, 1538943881, 1538943881),
	('/requisitiondetail/update', 2, NULL, NULL, NULL, 1538943881, 1538943881),
	('/requisitiondetail/view', 2, NULL, NULL, NULL, 1538943881, 1538943881),
	('/site/*', 2, NULL, NULL, NULL, 1531929710, 1531929710),
	('/site/about', 2, NULL, NULL, NULL, 1531929710, 1531929710),
	('/site/captcha', 2, NULL, NULL, NULL, 1531921753, 1531921753),
	('/site/contact', 2, NULL, NULL, NULL, 1531921753, 1531921753),
	('/site/error', 2, NULL, NULL, NULL, 1531921752, 1531921752),
	('/site/index', 2, NULL, NULL, NULL, 1531921753, 1531921753),
	('/site/login', 2, NULL, NULL, NULL, 1531921753, 1531921753),
	('/site/logout', 2, NULL, NULL, NULL, 1531921753, 1531921753),
	('/usrpdv/*', 2, NULL, NULL, NULL, 1540242716, 1540242716),
	('/usrpdv/create', 2, NULL, NULL, NULL, 1540242716, 1540242716),
	('/usrpdv/delete', 2, NULL, NULL, NULL, 1540242716, 1540242716),
	('/usrpdv/index', 2, NULL, NULL, NULL, 1540242716, 1540242716),
	('/usrpdv/update', 2, NULL, NULL, NULL, 1540242716, 1540242716),
	('/usrpdv/view', 2, NULL, NULL, NULL, 1540242716, 1540242716),
	('Administrador', 1, NULL, NULL, NULL, 1531929727, 1531929727),
	('Administrar configuracion', 2, NULL, NULL, NULL, 1532391351, 1532391351),
	('administrar entradas', 2, NULL, NULL, NULL, 1544627572, 1544627572),
	('Adminsitrar requisicones ', 2, NULL, NULL, NULL, 1544627543, 1544627543),
	('Punto de venta', 1, 'Usuarios para punto de venta ', NULL, NULL, 1544535298, 1544535298);

-- Volcando estructura para tabla chefburger.auth_item_child
CREATE TABLE IF NOT EXISTS `auth_item_child` (
  `parent` varchar(64) COLLATE utf8_unicode_ci NOT NULL,
  `child` varchar(64) COLLATE utf8_unicode_ci NOT NULL,
  PRIMARY KEY (`parent`,`child`),
  KEY `child` (`child`),
  CONSTRAINT `auth_item_child_ibfk_1` FOREIGN KEY (`parent`) REFERENCES `auth_item` (`name`) ON DELETE CASCADE ON UPDATE CASCADE,
  CONSTRAINT `auth_item_child_ibfk_2` FOREIGN KEY (`child`) REFERENCES `auth_item` (`name`) ON DELETE CASCADE ON UPDATE CASCADE
) ENGINE=InnoDB DEFAULT CHARSET=utf8 COLLATE=utf8_unicode_ci;

-- Volcando datos para la tabla chefburger.auth_item_child: ~27 rows (aproximadamente)
DELETE FROM `auth_item_child`;
INSERT INTO `auth_item_child` (`parent`, `child`) VALUES
	('Administrador', '/*'),
	('administrar entradas', '/entry/*'),
	('administrar entradas', '/entry/create'),
	('administrar entradas', '/entry/delete'),
	('administrar entradas', '/entry/index'),
	('administrar entradas', '/entry/update'),
	('administrar entradas', '/entry/view'),
	('Adminsitrar requisicones ', '/requisition/*'),
	('Adminsitrar requisicones ', '/requisition/changebuttom'),
	('Adminsitrar requisicones ', '/requisition/create'),
	('Adminsitrar requisicones ', '/requisition/delete'),
	('Adminsitrar requisicones ', '/requisition/getbranches'),
	('Adminsitrar requisicones ', '/requisition/getclient'),
	('Adminsitrar requisicones ', '/requisition/getproducts'),
	('Adminsitrar requisicones ', '/requisition/index'),
	('Adminsitrar requisicones ', '/requisition/update'),
	('Adminsitrar requisicones ', '/requisition/view'),
	('Adminsitrar requisicones ', '/requisitiondetail/*'),
	('Adminsitrar requisicones ', '/requisitiondetail/create'),
	('Adminsitrar requisicones ', '/requisitiondetail/delete'),
	('Adminsitrar requisicones ', '/requisitiondetail/index'),
	('Adminsitrar requisicones ', '/requisitiondetail/update'),
	('Adminsitrar requisicones ', '/requisitiondetail/view'),
	('Punto de venta', '/site/login'),
	('Punto de venta', '/site/logout'),
	('Punto de venta', 'administrar entradas'),
	('Punto de venta', 'Adminsitrar requisicones ');

-- Volcando estructura para tabla chefburger.auth_rule
CREATE TABLE IF NOT EXISTS `auth_rule` (
  `name` varchar(64) COLLATE utf8_unicode_ci NOT NULL,
  `data` blob,
  `created_at` int(11) DEFAULT NULL,
  `updated_at` int(11) DEFAULT NULL,
  PRIMARY KEY (`name`)
) ENGINE=InnoDB DEFAULT CHARSET=utf8 COLLATE=utf8_unicode_ci;

-- Volcando datos para la tabla chefburger.auth_rule: ~0 rows (aproximadamente)
DELETE FROM `auth_rule`;

-- Volcando estructura para tabla chefburger.config_pdv
CREATE TABLE IF NOT EXISTS `config_pdv` (
  `id` int(11) NOT NULL AUTO_INCREMENT,
  `id_cia` varchar(45) NOT NULL,
  `name_cia` varchar(250) NOT NULL,
  `code_pdv` varchar(45) NOT NULL,
  `name_pdv` varchar(250) NOT NULL,
  `id_co` varchar(45) NOT NULL,
  `name_co` varchar(150) DEFAULT NULL,
  `id_cellar_out` varchar(45) NOT NULL,
  `name_cellar_out` varchar(250) DEFAULT NULL,
  `id_cellar_in` varchar(45) NOT NULL,
  `name_cellar_in` varchar(250) DEFAULT NULL,
  `created` datetime DEFAULT NULL,
  `created_by` varchar(150) DEFAULT NULL,
  `modified` datetime DEFAULT NULL,
  `modified_by` varchar(150) DEFAULT NULL,
  PRIMARY KEY (`id`)
) ENGINE=InnoDB AUTO_INCREMENT=5 DEFAULT CHARSET=utf8;

-- Volcando datos para la tabla chefburger.config_pdv: ~2 rows (aproximadamente)
DELETE FROM `config_pdv`;
INSERT INTO `config_pdv` (`id`, `id_cia`, `name_cia`, `code_pdv`, `name_pdv`, `id_co`, `name_co`, `id_cellar_out`, `name_cellar_out`, `id_cellar_in`, `name_cellar_in`, `created`, `created_by`, `modified`, `modified_by`) VALUES
	(2, '1', 'CHEF BURGER COMPANY S.A.S', '001', 'PUNTO DE VENTA POBLADO', '001', 'POBLADO', 'ME003', 'BODEGA PUNTO DE VENTA ENVIGADO', 'ME001', 'BODEGA PUNTO DE VENTA POBLADO', '2018-10-24 15:52:11', 'admin', '2018-10-24 16:04:07', 'admin'),
	(3, '1', 'CHEF BURGER COMPANY S.A.S', '003', 'PUNTO DE VENTA ENVIGADO FUNCIONARIO', '003', 'ENVIGADO', 'MP100', 'BODEGA PRINCIPAL MATERIA PRIMA', 'ME003', 'BODEGA PUNTO DE VENTA ENVIGADO', '2018-10-27 16:27:44', 'admin', '2018-11-22 14:52:12', 'admin'),
	(4, '1', 'CHEF BURGER COMPANY S.A.S', '010', 'PUNTO DE VENTA STAND FUNCIONARIO', '100', 'ADMINISTRATIVO', 'MP100', 'BODEGA PRINCIPAL MATERIA PRIMA', 'MP100', 'BODEGA PRINCIPAL MATERIA PRIMA', '2019-01-24 12:07:12', 'admin', '2019-01-24 12:07:12', 'admin');

-- Volcando estructura para tabla chefburger.entry
CREATE TABLE IF NOT EXISTS `entry` (
  `id` int(11) NOT NULL AUTO_INCREMENT,
  `id_co` varchar(45) NOT NULL,
  `name_co` varchar(250) NOT NULL,
  `id_cia` varchar(45) NOT NULL,
  `name_cia` varchar(250) NOT NULL,
  `nit` varchar(45) NOT NULL,
  `business_name` varchar(250) NOT NULL,
  `id_cellar_in` varchar(45) DEFAULT NULL,
  `name_cellar_in` varchar(250) DEFAULT NULL,
  `id_cellar_out` varchar(45) DEFAULT NULL,
  `name_cellar_out` varchar(250) DEFAULT NULL,
  `number` varchar(45) DEFAULT NULL,
  `description` text,
  `status` varchar(45) NOT NULL,
  `date` datetime NOT NULL,
  `created` datetime NOT NULL,
  `created_by` varchar(150) NOT NULL,
  `modified` datetime NOT NULL,
  `modified_by` varchar(45) NOT NULL,
  PRIMARY KEY (`id`)
) ENGINE=InnoDB AUTO_INCREMENT=142 DEFAULT CHARSET=utf8;

-- Volcando datos para la tabla chefburger.entry: ~134 rows (aproximadamente)
DELETE FROM `entry`;
INSERT INTO `entry` (`id`, `id_co`, `name_co`, `id_cia`, `name_cia`, `nit`, `business_name`, `id_cellar_in`, `name_cellar_in`, `id_cellar_out`, `name_cellar_out`, `number`, `description`, `status`, `date`, `created`, `created_by`, `modified`, `modified_by`) VALUES
	(5, '003', 'ENVIGADO', '1', 'CHEF BURGER COMPANY S.A.S', '003', 'PUNTO DE VENTA ENVIGADO FUNCIONARIO', 'ME003', 'BODEGA PUNTO DE VENTA ENVIGADO', 'MP100', 'BODEGA PRINCIPAL MATERIA PRIMA', '', '', 'pendiente', '2018-12-14 00:00:00', '2018-12-14 09:42:58', 'admin', '2018-12-14 09:42:58', 'admin'),
	(6, '003', 'ENVIGADO', '1', 'CHEF BURGER COMPANY S.A.S', '003', 'PUNTO DE VENTA ENVIGADO FUNCIONARIO', 'ME003', 'BODEGA PUNTO DE VENTA ENVIGADO', 'MP100', 'BODEGA PRINCIPAL MATERIA PRIMA', '', '', 'pendiente', '2018-12-14 00:00:00', '2018-12-14 09:43:39', 'admin', '2018-12-14 09:43:39', 'admin'),
	(7, '003', 'ENVIGADO', '1', 'CHEF BURGER COMPANY S.A.S', '003', 'PUNTO DE VENTA ENVIGADO FUNCIONARIO', 'ME003', 'BODEGA PUNTO DE VENTA ENVIGADO', 'MP100', 'BODEGA PRINCIPAL MATERIA PRIMA', '', '', 'pendiente', '2018-12-14 00:00:00', '2018-12-14 09:44:07', 'admin', '2018-12-14 09:44:07', 'admin'),
	(8, '003', 'ENVIGADO', '1', 'CHEF BURGER COMPANY S.A.S', '003', 'PUNTO DE VENTA ENVIGADO FUNCIONARIO', 'ME003', 'BODEGA PUNTO DE VENTA ENVIGADO', 'MP100', 'BODEGA PRINCIPAL MATERIA PRIMA', '', '', 'pendiente', '2018-12-14 00:00:00', '2018-12-14 10:03:58', 'admin', '2018-12-14 10:03:58', 'admin'),
	(9, '001', 'POBLADO', '1', 'CHEF BURGER COMPANY S.A.S', '001', 'PUNTO DE VENTA POBLADO', 'ME001', 'BODEGA PUNTO DE VENTA POBLADO', 'ME003', 'BODEGA PUNTO DE VENTA ENVIGADO', '', '', 'pendiente', '2018-12-14 00:00:00', '2018-12-14 10:04:56', 'admin', '2018-12-14 12:12:32', 'admin'),
	(10, '001', 'POBLADO', '1', 'CHEF BURGER COMPANY S.A.S', '001', 'PUNTO DE VENTA POBLADO', 'ME001', 'BODEGA PUNTO DE VENTA POBLADO', 'MP100', 'BODEGA PRINCIPAL MATERIA PRIMA', '124231443', 'prueba 1 ', 'autorizado', '2019-01-15 00:00:00', '2019-01-15 10:24:00', 'admin', '2019-01-15 10:24:00', 'admin'),
	(12, '003', 'ENVIGADO', '1', 'CHEF BURGER COMPANY S.A.S', '003', 'PUNTO DE VENTA ENVIGADO FUNCIONARIO', 'ME003', 'BODEGA PUNTO DE VENTA ENVIGADO', 'MP100', 'BODEGA PRINCIPAL MATERIA PRIMA', '41324234', '', 'autorizado', '2019-01-15 00:00:00', '2019-01-15 10:47:03', 'admin', '2019-01-15 10:47:03', 'admin'),
	(13, '003', 'ENVIGADO', '1', 'CHEF BURGER COMPANY S.A.S', '003', 'PUNTO DE VENTA ENVIGADO FUNCIONARIO', 'ME003', 'BODEGA PUNTO DE VENTA ENVIGADO', 'MP100', 'BODEGA PRINCIPAL MATERIA PRIMA', '41324234', '', 'autorizado', '2019-01-15 00:00:00', '2019-01-15 10:47:30', 'admin', '2019-01-15 10:47:30', 'admin'),
	(14, '003', 'ENVIGADO', '1', 'CHEF BURGER COMPANY S.A.S', '003', 'PUNTO DE VENTA ENVIGADO FUNCIONARIO', 'ME003', 'BODEGA PUNTO DE VENTA ENVIGADO', 'MP100', 'BODEGA PRINCIPAL MATERIA PRIMA', '41324234', '', 'autorizado', '2019-01-15 00:00:00', '2019-01-15 10:48:02', 'admin', '2019-01-15 10:48:02', 'admin'),
	(15, '003', 'ENVIGADO', '1', 'CHEF BURGER COMPANY S.A.S', '003', 'PUNTO DE VENTA ENVIGADO FUNCIONARIO', 'ME003', 'BODEGA PUNTO DE VENTA ENVIGADO', 'MP100', 'BODEGA PRINCIPAL MATERIA PRIMA', '41324234', '', 'autorizado', '2019-01-15 00:00:00', '2019-01-15 10:49:59', 'admin', '2019-01-15 10:49:59', 'admin'),
	(16, '003', 'ENVIGADO', '1', 'CHEF BURGER COMPANY S.A.S', '003', 'PUNTO DE VENTA ENVIGADO FUNCIONARIO', 'ME003', 'BODEGA PUNTO DE VENTA ENVIGADO', 'MP100', 'BODEGA PRINCIPAL MATERIA PRIMA', '41324234', '', 'autorizado', '2019-01-15 00:00:00', '2019-01-15 10:50:55', 'admin', '2019-01-15 10:50:55', 'admin'),
	(17, '003', 'ENVIGADO', '1', 'CHEF BURGER COMPANY S.A.S', '003', 'PUNTO DE VENTA ENVIGADO FUNCIONARIO', 'ME003', 'BODEGA PUNTO DE VENTA ENVIGADO', 'MP100', 'BODEGA PRINCIPAL MATERIA PRIMA', '41324234', '', 'autorizado', '2019-01-15 00:00:00', '2019-01-15 10:51:17', 'admin', '2019-01-15 10:51:17', 'admin'),
	(18, '003', 'ENVIGADO', '1', 'CHEF BURGER COMPANY S.A.S', '003', 'PUNTO DE VENTA ENVIGADO FUNCIONARIO', 'ME003', 'BODEGA PUNTO DE VENTA ENVIGADO', 'MP100', 'BODEGA PRINCIPAL MATERIA PRIMA', '41324234', '', 'autorizado', '2019-01-15 00:00:00', '2019-01-15 10:51:37', 'admin', '2019-01-15 10:51:37', 'admin'),
	(19, '003', 'ENVIGADO', '1', 'CHEF BURGER COMPANY S.A.S', '003', 'PUNTO DE VENTA ENVIGADO FUNCIONARIO', 'ME003', 'BODEGA PUNTO DE VENTA ENVIGADO', 'MP100', 'BODEGA PRINCIPAL MATERIA PRIMA', '41324234', '', 'autorizado', '2019-01-15 00:00:00', '2019-01-15 10:52:45', 'admin', '2019-01-15 10:52:45', 'admin'),
	(20, '003', 'ENVIGADO', '1', 'CHEF BURGER COMPANY S.A.S', '003', 'PUNTO DE VENTA ENVIGADO FUNCIONARIO', 'ME003', 'BODEGA PUNTO DE VENTA ENVIGADO', 'MP100', 'BODEGA PRINCIPAL MATERIA PRIMA', '41324234', '', 'autorizado', '2019-01-15 00:00:00', '2019-01-15 10:53:19', 'admin', '2019-01-15 10:53:19', 'admin'),
	(21, '003', 'ENVIGADO', '1', 'CHEF BURGER COMPANY S.A.S', '003', 'PUNTO DE VENTA ENVIGADO FUNCIONARIO', 'ME003', 'BODEGA PUNTO DE VENTA ENVIGADO', 'MP100', 'BODEGA PRINCIPAL MATERIA PRIMA', '41324234', '', 'autorizado', '2019-01-15 00:00:00', '2019-01-15 10:54:05', 'admin', '2019-01-15 10:54:05', 'admin'),
	(22, '003', 'ENVIGADO', '1', 'CHEF BURGER COMPANY S.A.S', '003', 'PUNTO DE VENTA ENVIGADO FUNCIONARIO', 'ME003', 'BODEGA PUNTO DE VENTA ENVIGADO', 'MP100', 'BODEGA PRINCIPAL MATERIA PRIMA', '41324234', '', 'autorizado', '2019-01-15 00:00:00', '2019-01-15 11:02:39', 'admin', '2019-01-15 11:02:39', 'admin'),
	(23, '003', 'ENVIGADO', '1', 'CHEF BURGER COMPANY S.A.S', '003', 'PUNTO DE VENTA ENVIGADO FUNCIONARIO', 'ME003', 'BODEGA PUNTO DE VENTA ENVIGADO', 'MP100', 'BODEGA PRINCIPAL MATERIA PRIMA', '41324234', '', 'autorizado', '2019-01-15 00:00:00', '2019-01-15 11:22:30', 'admin', '2019-01-15 11:22:30', 'admin'),
	(24, '003', 'ENVIGADO', '1', 'CHEF BURGER COMPANY S.A.S', '003', 'PUNTO DE VENTA ENVIGADO FUNCIONARIO', 'ME003', 'BODEGA PUNTO DE VENTA ENVIGADO', 'MP100', 'BODEGA PRINCIPAL MATERIA PRIMA', '41324234', '', 'autorizado', '2019-01-15 00:00:00', '2019-01-15 11:22:56', 'admin', '2019-01-15 11:22:56', 'admin'),
	(25, '003', 'ENVIGADO', '1', 'CHEF BURGER COMPANY S.A.S', '003', 'PUNTO DE VENTA ENVIGADO FUNCIONARIO', 'ME003', 'BODEGA PUNTO DE VENTA ENVIGADO', 'MP100', 'BODEGA PRINCIPAL MATERIA PRIMA', '41324234', '', 'autorizado', '2019-01-15 00:00:00', '2019-01-15 11:23:16', 'admin', '2019-01-15 11:23:16', 'admin'),
	(26, '003', 'ENVIGADO', '1', 'CHEF BURGER COMPANY S.A.S', '003', 'PUNTO DE VENTA ENVIGADO FUNCIONARIO', 'ME003', 'BODEGA PUNTO DE VENTA ENVIGADO', 'MP100', 'BODEGA PRINCIPAL MATERIA PRIMA', '41324234', '', 'autorizado', '2019-01-15 00:00:00', '2019-01-15 11:25:35', 'admin', '2019-01-15 11:25:35', 'admin'),
	(27, '003', 'ENVIGADO', '1', 'CHEF BURGER COMPANY S.A.S', '003', 'PUNTO DE VENTA ENVIGADO FUNCIONARIO', 'ME003', 'BODEGA PUNTO DE VENTA ENVIGADO', 'MP100', 'BODEGA PRINCIPAL MATERIA PRIMA', '41324234', '', 'autorizado', '2019-01-15 00:00:00', '2019-01-15 11:26:08', 'admin', '2019-01-15 11:26:08', 'admin'),
	(28, '003', 'ENVIGADO', '1', 'CHEF BURGER COMPANY S.A.S', '003', 'PUNTO DE VENTA ENVIGADO FUNCIONARIO', 'ME003', 'BODEGA PUNTO DE VENTA ENVIGADO', 'MP100', 'BODEGA PRINCIPAL MATERIA PRIMA', '41324234', '', 'autorizado', '2019-01-15 00:00:00', '2019-01-15 11:26:48', 'admin', '2019-01-15 11:26:48', 'admin'),
	(29, '003', 'ENVIGADO', '1', 'CHEF BURGER COMPANY S.A.S', '003', 'PUNTO DE VENTA ENVIGADO FUNCIONARIO', 'ME003', 'BODEGA PUNTO DE VENTA ENVIGADO', 'MP100', 'BODEGA PRINCIPAL MATERIA PRIMA', '41324234', '', 'autorizado', '2019-01-15 00:00:00', '2019-01-15 11:26:57', 'admin', '2019-01-15 11:26:57', 'admin'),
	(30, '003', 'ENVIGADO', '1', 'CHEF BURGER COMPANY S.A.S', '003', 'PUNTO DE VENTA ENVIGADO FUNCIONARIO', 'ME003', 'BODEGA PUNTO DE VENTA ENVIGADO', 'MP100', 'BODEGA PRINCIPAL MATERIA PRIMA', '41324234', '', 'autorizado', '2019-01-15 00:00:00', '2019-01-15 11:29:05', 'admin', '2019-01-15 11:29:05', 'admin'),
	(31, '003', 'ENVIGADO', '1', 'CHEF BURGER COMPANY S.A.S', '003', 'PUNTO DE VENTA ENVIGADO FUNCIONARIO', 'ME003', 'BODEGA PUNTO DE VENTA ENVIGADO', 'MP100', 'BODEGA PRINCIPAL MATERIA PRIMA', '41324234', '', 'autorizado', '2019-01-15 00:00:00', '2019-01-15 11:29:33', 'admin', '2019-01-15 11:29:33', 'admin'),
	(32, '003', 'ENVIGADO', '1', 'CHEF BURGER COMPANY S.A.S', '003', 'PUNTO DE VENTA ENVIGADO FUNCIONARIO', 'ME003', 'BODEGA PUNTO DE VENTA ENVIGADO', 'MP100', 'BODEGA PRINCIPAL MATERIA PRIMA', '41324234', '', 'autorizado', '2019-01-15 00:00:00', '2019-01-15 11:30:04', 'admin', '2019-01-15 11:30:04', 'admin'),
	(33, '003', 'ENVIGADO', '1', 'CHEF BURGER COMPANY S.A.S', '003', 'PUNTO DE VENTA ENVIGADO FUNCIONARIO', 'ME003', 'BODEGA PUNTO DE VENTA ENVIGADO', 'MP100', 'BODEGA PRINCIPAL MATERIA PRIMA', '41324234', '', 'autorizado', '2019-01-15 00:00:00', '2019-01-15 11:30:22', 'admin', '2019-01-15 11:30:22', 'admin'),
	(34, '003', 'ENVIGADO', '1', 'CHEF BURGER COMPANY S.A.S', '003', 'PUNTO DE VENTA ENVIGADO FUNCIONARIO', 'ME003', 'BODEGA PUNTO DE VENTA ENVIGADO', 'MP100', 'BODEGA PRINCIPAL MATERIA PRIMA', '41324234', '', 'autorizado', '2019-01-15 00:00:00', '2019-01-15 11:30:36', 'admin', '2019-01-15 11:30:36', 'admin'),
	(35, '003', 'ENVIGADO', '1', 'CHEF BURGER COMPANY S.A.S', '003', 'PUNTO DE VENTA ENVIGADO FUNCIONARIO', 'ME003', 'BODEGA PUNTO DE VENTA ENVIGADO', 'MP100', 'BODEGA PRINCIPAL MATERIA PRIMA', '41324234', '', 'autorizado', '2019-01-15 00:00:00', '2019-01-15 11:30:53', 'admin', '2019-01-15 11:30:53', 'admin'),
	(36, '003', 'ENVIGADO', '1', 'CHEF BURGER COMPANY S.A.S', '003', 'PUNTO DE VENTA ENVIGADO FUNCIONARIO', 'ME003', 'BODEGA PUNTO DE VENTA ENVIGADO', 'MP100', 'BODEGA PRINCIPAL MATERIA PRIMA', '41324234', '', 'autorizado', '2019-01-15 00:00:00', '2019-01-15 11:31:11', 'admin', '2019-01-15 11:31:11', 'admin'),
	(37, '003', 'ENVIGADO', '1', 'CHEF BURGER COMPANY S.A.S', '003', 'PUNTO DE VENTA ENVIGADO FUNCIONARIO', 'ME003', 'BODEGA PUNTO DE VENTA ENVIGADO', 'MP100', 'BODEGA PRINCIPAL MATERIA PRIMA', '41324234', '', 'autorizado', '2019-01-15 00:00:00', '2019-01-15 11:50:33', 'admin', '2019-01-15 11:50:33', 'admin'),
	(38, '003', 'ENVIGADO', '1', 'CHEF BURGER COMPANY S.A.S', '003', 'PUNTO DE VENTA ENVIGADO FUNCIONARIO', 'ME003', 'BODEGA PUNTO DE VENTA ENVIGADO', 'MP100', 'BODEGA PRINCIPAL MATERIA PRIMA', '41324234', '', 'autorizado', '2019-01-15 00:00:00', '2019-01-15 11:50:50', 'admin', '2019-01-15 11:50:50', 'admin'),
	(39, '003', 'ENVIGADO', '1', 'CHEF BURGER COMPANY S.A.S', '003', 'PUNTO DE VENTA ENVIGADO FUNCIONARIO', 'ME003', 'BODEGA PUNTO DE VENTA ENVIGADO', 'MP100', 'BODEGA PRINCIPAL MATERIA PRIMA', '41324234', '', 'autorizado', '2019-01-15 00:00:00', '2019-01-15 11:51:03', 'admin', '2019-01-15 11:51:03', 'admin'),
	(40, '003', 'ENVIGADO', '1', 'CHEF BURGER COMPANY S.A.S', '003', 'PUNTO DE VENTA ENVIGADO FUNCIONARIO', 'ME003', 'BODEGA PUNTO DE VENTA ENVIGADO', 'MP100', 'BODEGA PRINCIPAL MATERIA PRIMA', '41324234', '', 'autorizado', '2019-01-15 00:00:00', '2019-01-15 11:51:19', 'admin', '2019-01-15 11:51:19', 'admin'),
	(41, '003', 'ENVIGADO', '1', 'CHEF BURGER COMPANY S.A.S', '003', 'PUNTO DE VENTA ENVIGADO FUNCIONARIO', 'ME003', 'BODEGA PUNTO DE VENTA ENVIGADO', 'MP100', 'BODEGA PRINCIPAL MATERIA PRIMA', '41324234', '', 'autorizado', '2019-01-15 00:00:00', '2019-01-15 11:51:29', 'admin', '2019-01-15 11:51:29', 'admin'),
	(42, '003', 'ENVIGADO', '1', 'CHEF BURGER COMPANY S.A.S', '003', 'PUNTO DE VENTA ENVIGADO FUNCIONARIO', 'ME003', 'BODEGA PUNTO DE VENTA ENVIGADO', 'MP100', 'BODEGA PRINCIPAL MATERIA PRIMA', '41324234', '', 'autorizado', '2019-01-15 00:00:00', '2019-01-15 11:53:12', 'admin', '2019-01-15 11:53:12', 'admin'),
	(43, '003', 'ENVIGADO', '1', 'CHEF BURGER COMPANY S.A.S', '003', 'PUNTO DE VENTA ENVIGADO FUNCIONARIO', 'ME003', 'BODEGA PUNTO DE VENTA ENVIGADO', 'MP100', 'BODEGA PRINCIPAL MATERIA PRIMA', '41324234', '', 'autorizado', '2019-01-15 00:00:00', '2019-01-15 11:53:23', 'admin', '2019-01-15 11:53:23', 'admin'),
	(44, '003', 'ENVIGADO', '1', 'CHEF BURGER COMPANY S.A.S', '003', 'PUNTO DE VENTA ENVIGADO FUNCIONARIO', 'ME003', 'BODEGA PUNTO DE VENTA ENVIGADO', 'MP100', 'BODEGA PRINCIPAL MATERIA PRIMA', '41324234', '', 'autorizado', '2019-01-15 00:00:00', '2019-01-15 11:54:46', 'admin', '2019-01-15 11:54:46', 'admin'),
	(45, '003', 'ENVIGADO', '1', 'CHEF BURGER COMPANY S.A.S', '003', 'PUNTO DE VENTA ENVIGADO FUNCIONARIO', 'ME003', 'BODEGA PUNTO DE VENTA ENVIGADO', 'MP100', 'BODEGA PRINCIPAL MATERIA PRIMA', '41324234', '', 'autorizado', '2019-01-15 00:00:00', '2019-01-15 11:55:10', 'admin', '2019-01-15 11:55:10', 'admin'),
	(46, '003', 'ENVIGADO', '1', 'CHEF BURGER COMPANY S.A.S', '003', 'PUNTO DE VENTA ENVIGADO FUNCIONARIO', 'ME003', 'BODEGA PUNTO DE VENTA ENVIGADO', 'MP100', 'BODEGA PRINCIPAL MATERIA PRIMA', '41324234', '', 'autorizado', '2019-01-15 00:00:00', '2019-01-15 11:55:18', 'admin', '2019-01-15 11:55:18', 'admin'),
	(47, '003', 'ENVIGADO', '1', 'CHEF BURGER COMPANY S.A.S', '003', 'PUNTO DE VENTA ENVIGADO FUNCIONARIO', 'ME003', 'BODEGA PUNTO DE VENTA ENVIGADO', 'MP100', 'BODEGA PRINCIPAL MATERIA PRIMA', '41324234', '', 'autorizado', '2019-01-15 00:00:00', '2019-01-15 11:55:31', 'admin', '2019-01-15 11:55:31', 'admin'),
	(48, '003', 'ENVIGADO', '1', 'CHEF BURGER COMPANY S.A.S', '003', 'PUNTO DE VENTA ENVIGADO FUNCIONARIO', 'ME003', 'BODEGA PUNTO DE VENTA ENVIGADO', 'MP100', 'BODEGA PRINCIPAL MATERIA PRIMA', '41324234', '', 'autorizado', '2019-01-15 00:00:00', '2019-01-15 11:56:15', 'admin', '2019-01-15 11:56:15', 'admin'),
	(49, '003', 'ENVIGADO', '1', 'CHEF BURGER COMPANY S.A.S', '003', 'PUNTO DE VENTA ENVIGADO FUNCIONARIO', 'ME003', 'BODEGA PUNTO DE VENTA ENVIGADO', 'MP100', 'BODEGA PRINCIPAL MATERIA PRIMA', '41324234', '', 'autorizado', '2019-01-15 00:00:00', '2019-01-15 12:26:07', 'admin', '2019-01-15 12:26:07', 'admin'),
	(50, '003', 'ENVIGADO', '1', 'CHEF BURGER COMPANY S.A.S', '003', 'PUNTO DE VENTA ENVIGADO FUNCIONARIO', 'ME003', 'BODEGA PUNTO DE VENTA ENVIGADO', 'MP100', 'BODEGA PRINCIPAL MATERIA PRIMA', '41324234', '', 'autorizado', '2019-01-15 00:00:00', '2019-01-15 12:29:15', 'admin', '2019-01-15 12:29:15', 'admin'),
	(51, '003', 'ENVIGADO', '1', 'CHEF BURGER COMPANY S.A.S', '003', 'PUNTO DE VENTA ENVIGADO FUNCIONARIO', 'ME003', 'BODEGA PUNTO DE VENTA ENVIGADO', 'MP100', 'BODEGA PRINCIPAL MATERIA PRIMA', '41324234', '', 'autorizado', '2019-01-15 00:00:00', '2019-01-15 12:29:43', 'admin', '2019-01-15 12:29:43', 'admin'),
	(52, '003', 'ENVIGADO', '1', 'CHEF BURGER COMPANY S.A.S', '003', 'PUNTO DE VENTA ENVIGADO FUNCIONARIO', 'ME003', 'BODEGA PUNTO DE VENTA ENVIGADO', 'MP100', 'BODEGA PRINCIPAL MATERIA PRIMA', '41324234', '', 'autorizado', '2019-01-15 00:00:00', '2019-01-15 12:29:58', 'admin', '2019-01-15 12:29:58', 'admin'),
	(53, '003', 'ENVIGADO', '1', 'CHEF BURGER COMPANY S.A.S', '003', 'PUNTO DE VENTA ENVIGADO FUNCIONARIO', 'ME003', 'BODEGA PUNTO DE VENTA ENVIGADO', 'MP100', 'BODEGA PRINCIPAL MATERIA PRIMA', '41324234', '', 'autorizado', '2019-01-15 00:00:00', '2019-01-15 12:30:22', 'admin', '2019-01-15 12:30:22', 'admin'),
	(54, '003', 'ENVIGADO', '1', 'CHEF BURGER COMPANY S.A.S', '003', 'PUNTO DE VENTA ENVIGADO FUNCIONARIO', 'ME003', 'BODEGA PUNTO DE VENTA ENVIGADO', 'MP100', 'BODEGA PRINCIPAL MATERIA PRIMA', '41324234', '', 'autorizado', '2019-01-15 00:00:00', '2019-01-15 12:30:48', 'admin', '2019-01-15 12:30:48', 'admin'),
	(55, '003', 'ENVIGADO', '1', 'CHEF BURGER COMPANY S.A.S', '003', 'PUNTO DE VENTA ENVIGADO FUNCIONARIO', 'ME003', 'BODEGA PUNTO DE VENTA ENVIGADO', 'MP100', 'BODEGA PRINCIPAL MATERIA PRIMA', '41324234', '', 'autorizado', '2019-01-15 00:00:00', '2019-01-15 13:41:37', 'admin', '2019-01-15 13:41:37', 'admin'),
	(56, '003', 'ENVIGADO', '1', 'CHEF BURGER COMPANY S.A.S', '003', 'PUNTO DE VENTA ENVIGADO FUNCIONARIO', 'ME003', 'BODEGA PUNTO DE VENTA ENVIGADO', 'MP100', 'BODEGA PRINCIPAL MATERIA PRIMA', '41324234', '', 'autorizado', '2019-01-15 00:00:00', '2019-01-15 13:41:55', 'admin', '2019-01-15 13:41:55', 'admin'),
	(57, '003', 'ENVIGADO', '1', 'CHEF BURGER COMPANY S.A.S', '003', 'PUNTO DE VENTA ENVIGADO FUNCIONARIO', 'ME003', 'BODEGA PUNTO DE VENTA ENVIGADO', 'MP100', 'BODEGA PRINCIPAL MATERIA PRIMA', '41324234', '', 'autorizado', '2019-01-15 00:00:00', '2019-01-15 13:42:03', 'admin', '2019-01-15 13:42:03', 'admin'),
	(58, '003', 'ENVIGADO', '1', 'CHEF BURGER COMPANY S.A.S', '003', 'PUNTO DE VENTA ENVIGADO FUNCIONARIO', 'ME003', 'BODEGA PUNTO DE VENTA ENVIGADO', 'MP100', 'BODEGA PRINCIPAL MATERIA PRIMA', '41324234', '', 'autorizado', '2019-01-15 00:00:00', '2019-01-15 13:42:14', 'admin', '2019-01-15 13:42:14', 'admin'),
	(59, '003', 'ENVIGADO', '1', 'CHEF BURGER COMPANY S.A.S', '003', 'PUNTO DE VENTA ENVIGADO FUNCIONARIO', 'ME003', 'BODEGA PUNTO DE VENTA ENVIGADO', 'MP100', 'BODEGA PRINCIPAL MATERIA PRIMA', '41324234', '', 'autorizado', '2019-01-15 00:00:00', '2019-01-15 13:42:26', 'admin', '2019-01-15 13:42:26', 'admin'),
	(60, '003', 'ENVIGADO', '1', 'CHEF BURGER COMPANY S.A.S', '003', 'PUNTO DE VENTA ENVIGADO FUNCIONARIO', 'ME003', 'BODEGA PUNTO DE VENTA ENVIGADO', 'MP100', 'BODEGA PRINCIPAL MATERIA PRIMA', '41324234', '', 'autorizado', '2019-01-15 00:00:00', '2019-01-15 13:55:00', 'admin', '2019-01-15 13:55:00', 'admin'),
	(61, '003', 'ENVIGADO', '1', 'CHEF BURGER COMPANY S.A.S', '003', 'PUNTO DE VENTA ENVIGADO FUNCIONARIO', 'ME003', 'BODEGA PUNTO DE VENTA ENVIGADO', 'MP100', 'BODEGA PRINCIPAL MATERIA PRIMA', '41324234', '', 'autorizado', '2019-01-15 00:00:00', '2019-01-15 13:55:09', 'admin', '2019-01-15 13:55:09', 'admin'),
	(62, '003', 'ENVIGADO', '1', 'CHEF BURGER COMPANY S.A.S', '003', 'PUNTO DE VENTA ENVIGADO FUNCIONARIO', 'ME003', 'BODEGA PUNTO DE VENTA ENVIGADO', 'MP100', 'BODEGA PRINCIPAL MATERIA PRIMA', '41324234', '', 'autorizado', '2019-01-15 00:00:00', '2019-01-15 13:56:21', 'admin', '2019-01-15 13:56:21', 'admin'),
	(63, '003', 'ENVIGADO', '1', 'CHEF BURGER COMPANY S.A.S', '003', 'PUNTO DE VENTA ENVIGADO FUNCIONARIO', 'ME003', 'BODEGA PUNTO DE VENTA ENVIGADO', 'MP100', 'BODEGA PRINCIPAL MATERIA PRIMA', '41324234', '', 'autorizado', '2019-01-15 00:00:00', '2019-01-15 13:56:46', 'admin', '2019-01-15 13:56:46', 'admin'),
	(64, '003', 'ENVIGADO', '1', 'CHEF BURGER COMPANY S.A.S', '003', 'PUNTO DE VENTA ENVIGADO FUNCIONARIO', 'ME003', 'BODEGA PUNTO DE VENTA ENVIGADO', 'MP100', 'BODEGA PRINCIPAL MATERIA PRIMA', '41324234', '', 'autorizado', '2019-01-15 00:00:00', '2019-01-15 14:01:26', 'admin', '2019-01-15 14:01:26', 'admin'),
	(65, '003', 'ENVIGADO', '1', 'CHEF BURGER COMPANY S.A.S', '003', 'PUNTO DE VENTA ENVIGADO FUNCIONARIO', 'ME003', 'BODEGA PUNTO DE VENTA ENVIGADO', 'MP100', 'BODEGA PRINCIPAL MATERIA PRIMA', '41324234', '', 'autorizado', '2019-01-15 00:00:00', '2019-01-15 14:06:26', 'admin', '2019-01-15 14:06:26', 'admin'),
	(66, '003', 'ENVIGADO', '1', 'CHEF BURGER COMPANY S.A.S', '003', 'PUNTO DE VENTA ENVIGADO FUNCIONARIO', 'ME003', 'BODEGA PUNTO DE VENTA ENVIGADO', 'MP100', 'BODEGA PRINCIPAL MATERIA PRIMA', '41324234', '', 'autorizado', '2019-01-15 00:00:00', '2019-01-15 14:07:24', 'admin', '2019-01-15 14:07:24', 'admin'),
	(67, '003', 'ENVIGADO', '1', 'CHEF BURGER COMPANY S.A.S', '003', 'PUNTO DE VENTA ENVIGADO FUNCIONARIO', 'ME003', 'BODEGA PUNTO DE VENTA ENVIGADO', 'MP100', 'BODEGA PRINCIPAL MATERIA PRIMA', '41324234', '', 'autorizado', '2019-01-15 00:00:00', '2019-01-15 14:08:19', 'admin', '2019-01-15 14:08:19', 'admin'),
	(68, '003', 'ENVIGADO', '1', 'CHEF BURGER COMPANY S.A.S', '003', 'PUNTO DE VENTA ENVIGADO FUNCIONARIO', 'ME003', 'BODEGA PUNTO DE VENTA ENVIGADO', 'MP100', 'BODEGA PRINCIPAL MATERIA PRIMA', '41324234', '', 'autorizado', '2019-01-15 00:00:00', '2019-01-15 14:29:56', 'admin', '2019-01-15 14:29:56', 'admin'),
	(69, '003', 'ENVIGADO', '1', 'CHEF BURGER COMPANY S.A.S', '003', 'PUNTO DE VENTA ENVIGADO FUNCIONARIO', 'ME003', 'BODEGA PUNTO DE VENTA ENVIGADO', 'MP100', 'BODEGA PRINCIPAL MATERIA PRIMA', '41324234', '', 'autorizado', '2019-01-15 00:00:00', '2019-01-15 14:30:15', 'admin', '2019-01-15 14:30:15', 'admin'),
	(70, '003', 'ENVIGADO', '1', 'CHEF BURGER COMPANY S.A.S', '003', 'PUNTO DE VENTA ENVIGADO FUNCIONARIO', 'ME003', 'BODEGA PUNTO DE VENTA ENVIGADO', 'MP100', 'BODEGA PRINCIPAL MATERIA PRIMA', '41324234', '', 'autorizado', '2019-01-15 00:00:00', '2019-01-15 14:45:54', 'admin', '2019-01-15 14:45:54', 'admin'),
	(71, '003', 'ENVIGADO', '1', 'CHEF BURGER COMPANY S.A.S', '003', 'PUNTO DE VENTA ENVIGADO FUNCIONARIO', 'ME003', 'BODEGA PUNTO DE VENTA ENVIGADO', 'MP100', 'BODEGA PRINCIPAL MATERIA PRIMA', '41324234', '', 'autorizado', '2019-01-15 00:00:00', '2019-01-15 15:30:38', 'admin', '2019-01-15 15:30:38', 'admin'),
	(72, '003', 'ENVIGADO', '1', 'CHEF BURGER COMPANY S.A.S', '003', 'PUNTO DE VENTA ENVIGADO FUNCIONARIO', 'ME003', 'BODEGA PUNTO DE VENTA ENVIGADO', 'MP100', 'BODEGA PRINCIPAL MATERIA PRIMA', '41324234', '', 'autorizado', '2019-01-15 00:00:00', '2019-01-15 15:44:44', 'admin', '2019-01-15 15:44:44', 'admin'),
	(73, '003', 'ENVIGADO', '1', 'CHEF BURGER COMPANY S.A.S', '003', 'PUNTO DE VENTA ENVIGADO FUNCIONARIO', 'ME003', 'BODEGA PUNTO DE VENTA ENVIGADO', 'MP100', 'BODEGA PRINCIPAL MATERIA PRIMA', '41324234', '', 'autorizado', '2019-01-15 00:00:00', '2019-01-15 15:45:14', 'admin', '2019-01-15 15:45:14', 'admin'),
	(74, '003', 'ENVIGADO', '1', 'CHEF BURGER COMPANY S.A.S', '003', 'PUNTO DE VENTA ENVIGADO FUNCIONARIO', 'ME003', 'BODEGA PUNTO DE VENTA ENVIGADO', 'MP100', 'BODEGA PRINCIPAL MATERIA PRIMA', '41324234', '', 'autorizado', '2019-01-15 00:00:00', '2019-01-15 15:46:31', 'admin', '2019-01-15 15:46:31', 'admin'),
	(75, '003', 'ENVIGADO', '1', 'CHEF BURGER COMPANY S.A.S', '003', 'PUNTO DE VENTA ENVIGADO FUNCIONARIO', 'ME003', 'BODEGA PUNTO DE VENTA ENVIGADO', 'MP100', 'BODEGA PRINCIPAL MATERIA PRIMA', '41324234', '', 'autorizado', '2019-01-15 00:00:00', '2019-01-15 15:46:42', 'admin', '2019-01-15 15:46:42', 'admin'),
	(76, '003', 'ENVIGADO', '1', 'CHEF BURGER COMPANY S.A.S', '003', 'PUNTO DE VENTA ENVIGADO FUNCIONARIO', 'ME003', 'BODEGA PUNTO DE VENTA ENVIGADO', 'MP100', 'BODEGA PRINCIPAL MATERIA PRIMA', '41324234', '', 'autorizado', '2019-01-15 00:00:00', '2019-01-15 15:46:54', 'admin', '2019-01-15 15:46:54', 'admin'),
	(77, '003', 'ENVIGADO', '1', 'CHEF BURGER COMPANY S.A.S', '003', 'PUNTO DE VENTA ENVIGADO FUNCIONARIO', 'ME003', 'BODEGA PUNTO DE VENTA ENVIGADO', 'MP100', 'BODEGA PRINCIPAL MATERIA PRIMA', '41324234', '', 'autorizado', '2019-01-15 00:00:00', '2019-01-15 15:49:49', 'admin', '2019-01-15 15:49:49', 'admin'),
	(78, '003', 'ENVIGADO', '1', 'CHEF BURGER COMPANY S.A.S', '003', 'PUNTO DE VENTA ENVIGADO FUNCIONARIO', 'ME003', 'BODEGA PUNTO DE VENTA ENVIGADO', 'MP100', 'BODEGA PRINCIPAL MATERIA PRIMA', '234234234', '', 'autorizado', '2019-01-21 00:00:00', '2019-01-21 16:41:03', 'admin', '2019-01-21 16:41:03', 'admin'),
	(79, '003', 'ENVIGADO', '1', 'CHEF BURGER COMPANY S.A.S', '003', 'PUNTO DE VENTA ENVIGADO FUNCIONARIO', 'ME003', 'BODEGA PUNTO DE VENTA ENVIGADO', 'MP100', 'BODEGA PRINCIPAL MATERIA PRIMA', '234234234', '', 'autorizado', '2019-01-21 00:00:00', '2019-01-21 17:02:10', 'admin', '2019-01-21 17:02:10', 'admin'),
	(80, '003', 'ENVIGADO', '1', 'CHEF BURGER COMPANY S.A.S', '003', 'PUNTO DE VENTA ENVIGADO FUNCIONARIO', 'ME003', 'BODEGA PUNTO DE VENTA ENVIGADO', 'MP100', 'BODEGA PRINCIPAL MATERIA PRIMA', '234234234', '', 'autorizado', '2019-01-21 00:00:00', '2019-01-21 17:03:27', 'admin', '2019-01-21 17:03:27', 'admin'),
	(81, '003', 'ENVIGADO', '1', 'CHEF BURGER COMPANY S.A.S', '003', 'PUNTO DE VENTA ENVIGADO FUNCIONARIO', 'ME003', 'BODEGA PUNTO DE VENTA ENVIGADO', 'MP100', 'BODEGA PRINCIPAL MATERIA PRIMA', '234234234', '', 'autorizado', '2019-01-21 00:00:00', '2019-01-21 17:05:26', 'admin', '2019-01-21 17:05:26', 'admin'),
	(82, '003', 'ENVIGADO', '1', 'CHEF BURGER COMPANY S.A.S', '003', 'PUNTO DE VENTA ENVIGADO FUNCIONARIO', 'ME003', 'BODEGA PUNTO DE VENTA ENVIGADO', 'MP100', 'BODEGA PRINCIPAL MATERIA PRIMA', '234234234', '', 'autorizado', '2019-01-21 00:00:00', '2019-01-21 17:05:38', 'admin', '2019-01-21 17:05:38', 'admin'),
	(83, '003', 'ENVIGADO', '1', 'CHEF BURGER COMPANY S.A.S', '003', 'PUNTO DE VENTA ENVIGADO FUNCIONARIO', 'ME003', 'BODEGA PUNTO DE VENTA ENVIGADO', 'MP100', 'BODEGA PRINCIPAL MATERIA PRIMA', '234234234', '', 'autorizado', '2019-01-21 00:00:00', '2019-01-21 17:12:43', 'admin', '2019-01-21 17:12:43', 'admin'),
	(84, '003', 'ENVIGADO', '1', 'CHEF BURGER COMPANY S.A.S', '003', 'PUNTO DE VENTA ENVIGADO FUNCIONARIO', 'ME003', 'BODEGA PUNTO DE VENTA ENVIGADO', 'MP100', 'BODEGA PRINCIPAL MATERIA PRIMA', '234234234', '', 'autorizado', '2019-01-21 00:00:00', '2019-01-21 17:13:01', 'admin', '2019-01-21 17:13:01', 'admin'),
	(85, '003', 'ENVIGADO', '1', 'CHEF BURGER COMPANY S.A.S', '003', 'PUNTO DE VENTA ENVIGADO FUNCIONARIO', 'ME003', 'BODEGA PUNTO DE VENTA ENVIGADO', 'MP100', 'BODEGA PRINCIPAL MATERIA PRIMA', '234234234', '', 'autorizado', '2019-01-21 00:00:00', '2019-01-21 17:13:11', 'admin', '2019-01-21 17:13:11', 'admin'),
	(86, '003', 'ENVIGADO', '1', 'CHEF BURGER COMPANY S.A.S', '003', 'PUNTO DE VENTA ENVIGADO FUNCIONARIO', 'ME003', 'BODEGA PUNTO DE VENTA ENVIGADO', 'MP100', 'BODEGA PRINCIPAL MATERIA PRIMA', '234234234', '', 'autorizado', '2019-01-21 00:00:00', '2019-01-22 11:24:20', 'admin', '2019-01-22 11:24:20', 'admin'),
	(87, '003', 'ENVIGADO', '1', 'CHEF BURGER COMPANY S.A.S', '003', 'PUNTO DE VENTA ENVIGADO FUNCIONARIO', 'ME003', 'BODEGA PUNTO DE VENTA ENVIGADO', 'MP100', 'BODEGA PRINCIPAL MATERIA PRIMA', '234234234', '', 'autorizado', '2019-01-21 00:00:00', '2019-01-22 11:24:38', 'admin', '2019-01-22 11:24:38', 'admin'),
	(88, '003', 'ENVIGADO', '1', 'CHEF BURGER COMPANY S.A.S', '003', 'PUNTO DE VENTA ENVIGADO FUNCIONARIO', 'ME003', 'BODEGA PUNTO DE VENTA ENVIGADO', 'MP100', 'BODEGA PRINCIPAL MATERIA PRIMA', '234234234', '', 'autorizado', '2019-01-21 00:00:00', '2019-01-22 11:25:12', 'admin', '2019-01-22 11:25:12', 'admin'),
	(89, '003', 'ENVIGADO', '1', 'CHEF BURGER COMPANY S.A.S', '003', 'PUNTO DE VENTA ENVIGADO FUNCIONARIO', 'ME003', 'BODEGA PUNTO DE VENTA ENVIGADO', 'MP100', 'BODEGA PRINCIPAL MATERIA PRIMA', '234234234', '', 'autorizado', '2019-01-21 00:00:00', '2019-01-22 11:34:34', 'admin', '2019-01-22 11:34:34', 'admin'),
	(90, '003', 'ENVIGADO', '1', 'CHEF BURGER COMPANY S.A.S', '003', 'PUNTO DE VENTA ENVIGADO FUNCIONARIO', 'ME003', 'BODEGA PUNTO DE VENTA ENVIGADO', 'MP100', 'BODEGA PRINCIPAL MATERIA PRIMA', '234234234', '', 'autorizado', '2019-01-21 00:00:00', '2019-01-22 11:40:36', 'admin', '2019-01-22 11:40:36', 'admin'),
	(91, '003', 'ENVIGADO', '1', 'CHEF BURGER COMPANY S.A.S', '003', 'PUNTO DE VENTA ENVIGADO FUNCIONARIO', 'ME003', 'BODEGA PUNTO DE VENTA ENVIGADO', 'MP100', 'BODEGA PRINCIPAL MATERIA PRIMA', '234234234', '', 'autorizado', '2019-01-21 00:00:00', '2019-01-22 11:40:49', 'admin', '2019-01-22 11:40:49', 'admin'),
	(92, '003', 'ENVIGADO', '1', 'CHEF BURGER COMPANY S.A.S', '003', 'PUNTO DE VENTA ENVIGADO FUNCIONARIO', 'ME003', 'BODEGA PUNTO DE VENTA ENVIGADO', 'MP100', 'BODEGA PRINCIPAL MATERIA PRIMA', '234234234', '', 'autorizado', '2019-01-21 00:00:00', '2019-01-22 11:41:39', 'admin', '2019-01-22 11:41:39', 'admin'),
	(93, '003', 'ENVIGADO', '1', 'CHEF BURGER COMPANY S.A.S', '003', 'PUNTO DE VENTA ENVIGADO FUNCIONARIO', 'ME003', 'BODEGA PUNTO DE VENTA ENVIGADO', 'MP100', 'BODEGA PRINCIPAL MATERIA PRIMA', '234234234', '', 'autorizado', '2019-01-21 00:00:00', '2019-01-22 11:47:18', 'admin', '2019-01-22 11:47:18', 'admin'),
	(94, '003', 'ENVIGADO', '1', 'CHEF BURGER COMPANY S.A.S', '003', 'PUNTO DE VENTA ENVIGADO FUNCIONARIO', 'ME003', 'BODEGA PUNTO DE VENTA ENVIGADO', 'MP100', 'BODEGA PRINCIPAL MATERIA PRIMA', '234234234', '', 'autorizado', '2019-01-21 00:00:00', '2019-01-22 11:47:32', 'admin', '2019-01-22 11:47:32', 'admin'),
	(95, '003', 'ENVIGADO', '1', 'CHEF BURGER COMPANY S.A.S', '003', 'PUNTO DE VENTA ENVIGADO FUNCIONARIO', 'ME003', 'BODEGA PUNTO DE VENTA ENVIGADO', 'MP100', 'BODEGA PRINCIPAL MATERIA PRIMA', '234234234', '', 'autorizado', '2019-01-21 00:00:00', '2019-01-22 11:47:42', 'admin', '2019-01-22 11:47:42', 'admin'),
	(96, '003', 'ENVIGADO', '1', 'CHEF BURGER COMPANY S.A.S', '003', 'PUNTO DE VENTA ENVIGADO FUNCIONARIO', 'ME003', 'BODEGA PUNTO DE VENTA ENVIGADO', 'MP100', 'BODEGA PRINCIPAL MATERIA PRIMA', '234234234', '', 'autorizado', '2019-01-21 00:00:00', '2019-01-22 11:48:27', 'admin', '2019-01-22 11:48:27', 'admin'),
	(97, '003', 'ENVIGADO', '1', 'CHEF BURGER COMPANY S.A.S', '003', 'PUNTO DE VENTA ENVIGADO FUNCIONARIO', 'ME003', 'BODEGA PUNTO DE VENTA ENVIGADO', 'MP100', 'BODEGA PRINCIPAL MATERIA PRIMA', '234234234', '', 'autorizado', '2019-01-21 00:00:00', '2019-01-22 11:48:43', 'admin', '2019-01-22 11:48:43', 'admin'),
	(98, '003', 'ENVIGADO', '1', 'CHEF BURGER COMPANY S.A.S', '003', 'PUNTO DE VENTA ENVIGADO FUNCIONARIO', 'ME003', 'BODEGA PUNTO DE VENTA ENVIGADO', 'MP100', 'BODEGA PRINCIPAL MATERIA PRIMA', '234234234', '', 'autorizado', '2019-01-21 00:00:00', '2019-01-22 11:49:24', 'admin', '2019-01-22 11:49:24', 'admin'),
	(99, '003', 'ENVIGADO', '1', 'CHEF BURGER COMPANY S.A.S', '003', 'PUNTO DE VENTA ENVIGADO FUNCIONARIO', 'ME003', 'BODEGA PUNTO DE VENTA ENVIGADO', 'MP100', 'BODEGA PRINCIPAL MATERIA PRIMA', '234234234', '', 'autorizado', '2019-01-21 00:00:00', '2019-01-22 11:49:44', 'admin', '2019-01-22 11:49:44', 'admin'),
	(100, '003', 'ENVIGADO', '1', 'CHEF BURGER COMPANY S.A.S', '003', 'PUNTO DE VENTA ENVIGADO FUNCIONARIO', 'ME003', 'BODEGA PUNTO DE VENTA ENVIGADO', 'MP100', 'BODEGA PRINCIPAL MATERIA PRIMA', '234234234', '', 'autorizado', '2019-01-21 00:00:00', '2019-01-22 11:50:11', 'admin', '2019-01-22 11:50:11', 'admin'),
	(101, '003', 'ENVIGADO', '1', 'CHEF BURGER COMPANY S.A.S', '003', 'PUNTO DE VENTA ENVIGADO FUNCIONARIO', 'ME003', 'BODEGA PUNTO DE VENTA ENVIGADO', 'MP100', 'BODEGA PRINCIPAL MATERIA PRIMA', '234234234', '', 'autorizado', '2019-01-21 00:00:00', '2019-01-22 12:27:33', 'admin', '2019-01-22 12:27:33', 'admin'),
	(102, '003', 'ENVIGADO', '1', 'CHEF BURGER COMPANY S.A.S', '003', 'PUNTO DE VENTA ENVIGADO FUNCIONARIO', 'ME003', 'BODEGA PUNTO DE VENTA ENVIGADO', 'MP100', 'BODEGA PRINCIPAL MATERIA PRIMA', '234234234', '', 'autorizado', '2019-01-21 00:00:00', '2019-01-23 14:40:47', 'admin', '2019-01-23 14:40:47', 'admin'),
	(103, '003', 'ENVIGADO', '1', 'CHEF BURGER COMPANY S.A.S', '003', 'PUNTO DE VENTA ENVIGADO FUNCIONARIO', 'ME003', 'BODEGA PUNTO DE VENTA ENVIGADO', 'MP100', 'BODEGA PRINCIPAL MATERIA PRIMA', '234234234', '', 'autorizado', '2019-01-21 00:00:00', '2019-01-23 14:43:19', 'admin', '2019-01-23 14:43:19', 'admin'),
	(104, '003', 'ENVIGADO', '1', 'CHEF BURGER COMPANY S.A.S', '003', 'PUNTO DE VENTA ENVIGADO FUNCIONARIO', 'ME003', 'BODEGA PUNTO DE VENTA ENVIGADO', 'MP100', 'BODEGA PRINCIPAL MATERIA PRIMA', '234234234', '', 'autorizado', '2019-01-21 00:00:00', '2019-01-23 14:43:36', 'admin', '2019-01-23 14:43:36', 'admin'),
	(105, '003', 'ENVIGADO', '1', 'CHEF BURGER COMPANY S.A.S', '003', 'PUNTO DE VENTA ENVIGADO FUNCIONARIO', 'ME003', 'BODEGA PUNTO DE VENTA ENVIGADO', 'MP100', 'BODEGA PRINCIPAL MATERIA PRIMA', '234234234', '', 'autorizado', '2019-01-21 00:00:00', '2019-01-23 14:45:22', 'admin', '2019-01-23 14:45:22', 'admin'),
	(106, '003', 'ENVIGADO', '1', 'CHEF BURGER COMPANY S.A.S', '003', 'PUNTO DE VENTA ENVIGADO FUNCIONARIO', 'ME003', 'BODEGA PUNTO DE VENTA ENVIGADO', 'MP100', 'BODEGA PRINCIPAL MATERIA PRIMA', '234234234', '', 'autorizado', '2019-01-21 00:00:00', '2019-01-23 14:45:40', 'admin', '2019-01-23 14:45:40', 'admin'),
	(107, '003', 'ENVIGADO', '1', 'CHEF BURGER COMPANY S.A.S', '003', 'PUNTO DE VENTA ENVIGADO FUNCIONARIO', 'ME003', 'BODEGA PUNTO DE VENTA ENVIGADO', 'MP100', 'BODEGA PRINCIPAL MATERIA PRIMA', '234234234', '', 'autorizado', '2019-01-21 00:00:00', '2019-01-23 15:24:43', 'admin', '2019-01-23 15:24:43', 'admin'),
	(108, '003', 'ENVIGADO', '1', 'CHEF BURGER COMPANY S.A.S', '003', 'PUNTO DE VENTA ENVIGADO FUNCIONARIO', 'ME003', 'BODEGA PUNTO DE VENTA ENVIGADO', 'MP100', 'BODEGA PRINCIPAL MATERIA PRIMA', '234234234', '', 'autorizado', '2019-01-21 00:00:00', '2019-01-23 15:25:58', 'admin', '2019-01-23 15:25:58', 'admin'),
	(109, '003', 'ENVIGADO', '1', 'CHEF BURGER COMPANY S.A.S', '003', 'PUNTO DE VENTA ENVIGADO FUNCIONARIO', 'ME003', 'BODEGA PUNTO DE VENTA ENVIGADO', 'MP100', 'BODEGA PRINCIPAL MATERIA PRIMA', '234234234', '', 'autorizado', '2019-01-21 00:00:00', '2019-01-23 15:26:11', 'admin', '2019-01-23 15:26:11', 'admin'),
	(110, '003', 'ENVIGADO', '1', 'CHEF BURGER COMPANY S.A.S', '003', 'PUNTO DE VENTA ENVIGADO FUNCIONARIO', 'ME003', 'BODEGA PUNTO DE VENTA ENVIGADO', 'MP100', 'BODEGA PRINCIPAL MATERIA PRIMA', '234234234', '', 'autorizado', '2019-01-21 00:00:00', '2019-01-23 15:26:36', 'admin', '2019-01-23 15:26:36', 'admin'),
	(111, '003', 'ENVIGADO', '1', 'CHEF BURGER COMPANY S.A.S', '003', 'PUNTO DE VENTA ENVIGADO FUNCIONARIO', 'ME003', 'BODEGA PUNTO DE VENTA ENVIGADO', 'MP100', 'BODEGA PRINCIPAL MATERIA PRIMA', '234234234', '', 'autorizado', '2019-01-21 00:00:00', '2019-01-23 15:33:40', 'admin', '2019-01-23 15:33:40', 'admin'),
	(112, '003', 'ENVIGADO', '1', 'CHEF BURGER COMPANY S.A.S', '003', 'PUNTO DE VENTA ENVIGADO FUNCIONARIO', 'ME003', 'BODEGA PUNTO DE VENTA ENVIGADO', 'MP100', 'BODEGA PRINCIPAL MATERIA PRIMA', '234234234', '', 'autorizado', '2019-01-21 00:00:00', '2019-01-23 15:33:59', 'admin', '2019-01-23 15:33:59', 'admin'),
	(113, '003', 'ENVIGADO', '1', 'CHEF BURGER COMPANY S.A.S', '003', 'PUNTO DE VENTA ENVIGADO FUNCIONARIO', 'ME003', 'BODEGA PUNTO DE VENTA ENVIGADO', 'MP100', 'BODEGA PRINCIPAL MATERIA PRIMA', '234234234', '', 'autorizado', '2019-01-21 00:00:00', '2019-01-23 15:38:00', 'admin', '2019-01-23 15:38:00', 'admin'),
	(114, '003', 'ENVIGADO', '1', 'CHEF BURGER COMPANY S.A.S', '003', 'PUNTO DE VENTA ENVIGADO FUNCIONARIO', 'ME003', 'BODEGA PUNTO DE VENTA ENVIGADO', 'MP100', 'BODEGA PRINCIPAL MATERIA PRIMA', '234234234', '', 'autorizado', '2019-01-21 00:00:00', '2019-01-23 15:38:33', 'admin', '2019-01-23 15:38:33', 'admin'),
	(115, '003', 'ENVIGADO', '1', 'CHEF BURGER COMPANY S.A.S', '003', 'PUNTO DE VENTA ENVIGADO FUNCIONARIO', 'ME003', 'BODEGA PUNTO DE VENTA ENVIGADO', 'MP100', 'BODEGA PRINCIPAL MATERIA PRIMA', '234234234', '', 'autorizado', '2019-01-21 00:00:00', '2019-01-23 15:41:34', 'admin', '2019-01-23 15:41:34', 'admin'),
	(116, '003', 'ENVIGADO', '1', 'CHEF BURGER COMPANY S.A.S', '003', 'PUNTO DE VENTA ENVIGADO FUNCIONARIO', 'ME003', 'BODEGA PUNTO DE VENTA ENVIGADO', 'MP100', 'BODEGA PRINCIPAL MATERIA PRIMA', '234234234', '', 'autorizado', '2019-01-21 00:00:00', '2019-01-23 15:41:49', 'admin', '2019-01-23 15:41:49', 'admin'),
	(117, '003', 'ENVIGADO', '1', 'CHEF BURGER COMPANY S.A.S', '003', 'PUNTO DE VENTA ENVIGADO FUNCIONARIO', 'ME003', 'BODEGA PUNTO DE VENTA ENVIGADO', 'MP100', 'BODEGA PRINCIPAL MATERIA PRIMA', '234234234', '', 'autorizado', '2019-01-21 00:00:00', '2019-01-23 15:41:59', 'admin', '2019-01-23 15:41:59', 'admin'),
	(118, '003', 'ENVIGADO', '1', 'CHEF BURGER COMPANY S.A.S', '003', 'PUNTO DE VENTA ENVIGADO FUNCIONARIO', 'ME003', 'BODEGA PUNTO DE VENTA ENVIGADO', 'MP100', 'BODEGA PRINCIPAL MATERIA PRIMA', '234234234', '', 'autorizado', '2019-01-21 00:00:00', '2019-01-23 15:44:17', 'admin', '2019-01-23 15:44:17', 'admin'),
	(119, '003', 'ENVIGADO', '1', 'CHEF BURGER COMPANY S.A.S', '003', 'PUNTO DE VENTA ENVIGADO FUNCIONARIO', 'ME003', 'BODEGA PUNTO DE VENTA ENVIGADO', 'MP100', 'BODEGA PRINCIPAL MATERIA PRIMA', '234234234', '', 'autorizado', '2019-01-21 00:00:00', '2019-01-23 15:50:13', 'admin', '2019-01-23 15:50:13', 'admin'),
	(120, '003', 'ENVIGADO', '1', 'CHEF BURGER COMPANY S.A.S', '003', 'PUNTO DE VENTA ENVIGADO FUNCIONARIO', 'ME003', 'BODEGA PUNTO DE VENTA ENVIGADO', 'MP100', 'BODEGA PRINCIPAL MATERIA PRIMA', '234234234', '', 'autorizado', '2019-01-21 00:00:00', '2019-01-23 15:50:57', 'admin', '2019-01-23 15:50:57', 'admin'),
	(121, '003', 'ENVIGADO', '1', 'CHEF BURGER COMPANY S.A.S', '003', 'PUNTO DE VENTA ENVIGADO FUNCIONARIO', 'ME003', 'BODEGA PUNTO DE VENTA ENVIGADO', 'MP100', 'BODEGA PRINCIPAL MATERIA PRIMA', '234234234', '', 'autorizado', '2019-01-21 00:00:00', '2019-01-23 15:51:30', 'admin', '2019-01-23 15:51:30', 'admin'),
	(122, '003', 'ENVIGADO', '1', 'CHEF BURGER COMPANY S.A.S', '003', 'PUNTO DE VENTA ENVIGADO FUNCIONARIO', 'ME003', 'BODEGA PUNTO DE VENTA ENVIGADO', 'MP100', 'BODEGA PRINCIPAL MATERIA PRIMA', '234234234', '', 'autorizado', '2019-01-21 00:00:00', '2019-01-23 15:51:37', 'admin', '2019-01-23 15:51:37', 'admin'),
	(123, '003', 'ENVIGADO', '1', 'CHEF BURGER COMPANY S.A.S', '003', 'PUNTO DE VENTA ENVIGADO FUNCIONARIO', 'ME003', 'BODEGA PUNTO DE VENTA ENVIGADO', 'MP100', 'BODEGA PRINCIPAL MATERIA PRIMA', '234234234', '', 'autorizado', '2019-01-21 00:00:00', '2019-01-24 10:38:32', 'admin', '2019-01-24 10:38:32', 'admin'),
	(124, '003', 'ENVIGADO', '1', 'CHEF BURGER COMPANY S.A.S', '003', 'PUNTO DE VENTA ENVIGADO FUNCIONARIO', 'ME003', 'BODEGA PUNTO DE VENTA ENVIGADO', 'MP100', 'BODEGA PRINCIPAL MATERIA PRIMA', '234234234', '', 'autorizado', '2019-01-21 00:00:00', '2019-01-24 10:39:15', 'admin', '2019-01-24 10:39:15', 'admin'),
	(125, '003', 'ENVIGADO', '1', 'CHEF BURGER COMPANY S.A.S', '003', 'PUNTO DE VENTA ENVIGADO FUNCIONARIO', 'ME003', 'BODEGA PUNTO DE VENTA ENVIGADO', 'MP100', 'BODEGA PRINCIPAL MATERIA PRIMA', '234234234', '', 'autorizado', '2019-01-21 00:00:00', '2019-01-24 10:39:26', 'admin', '2019-01-24 10:39:26', 'admin'),
	(126, '003', 'ENVIGADO', '1', 'CHEF BURGER COMPANY S.A.S', '003', 'PUNTO DE VENTA ENVIGADO FUNCIONARIO', 'ME003', 'BODEGA PUNTO DE VENTA ENVIGADO', 'MP100', 'BODEGA PRINCIPAL MATERIA PRIMA', '234234234', '', 'autorizado', '2019-01-21 00:00:00', '2019-01-24 10:39:51', 'admin', '2019-01-24 10:39:51', 'admin'),
	(127, '003', 'ENVIGADO', '1', 'CHEF BURGER COMPANY S.A.S', '003', 'PUNTO DE VENTA ENVIGADO FUNCIONARIO', 'ME003', 'BODEGA PUNTO DE VENTA ENVIGADO', 'MP100', 'BODEGA PRINCIPAL MATERIA PRIMA', '234234234', '', 'autorizado', '2019-01-21 00:00:00', '2019-01-24 10:39:58', 'admin', '2019-01-24 10:39:58', 'admin'),
	(128, '003', 'ENVIGADO', '1', 'CHEF BURGER COMPANY S.A.S', '003', 'PUNTO DE VENTA ENVIGADO FUNCIONARIO', 'ME003', 'BODEGA PUNTO DE VENTA ENVIGADO', 'MP100', 'BODEGA PRINCIPAL MATERIA PRIMA', '234234234', '', 'autorizado', '2019-01-21 00:00:00', '2019-01-24 10:50:35', 'admin', '2019-01-24 10:50:35', 'admin'),
	(129, '003', 'ENVIGADO', '1', 'CHEF BURGER COMPANY S.A.S', '003', 'PUNTO DE VENTA ENVIGADO FUNCIONARIO', 'ME003', 'BODEGA PUNTO DE VENTA ENVIGADO', 'MP100', 'BODEGA PRINCIPAL MATERIA PRIMA', '234234234', '', 'autorizado', '2019-01-21 00:00:00', '2019-01-24 10:50:56', 'admin', '2019-01-24 10:50:56', 'admin'),
	(130, '003', 'ENVIGADO', '1', 'CHEF BURGER COMPANY S.A.S', '003', 'PUNTO DE VENTA ENVIGADO FUNCIONARIO', 'ME003', 'BODEGA PUNTO DE VENTA ENVIGADO', 'MP100', 'BODEGA PRINCIPAL MATERIA PRIMA', '234234234', '', 'autorizado', '2019-01-21 00:00:00', '2019-01-24 11:02:55', 'admin', '2019-01-24 11:02:55', 'admin'),
	(131, '003', 'ENVIGADO', '1', 'CHEF BURGER COMPANY S.A.S', '003', 'PUNTO DE VENTA ENVIGADO FUNCIONARIO', 'ME003', 'BODEGA PUNTO DE VENTA ENVIGADO', 'MP100', 'BODEGA PRINCIPAL MATERIA PRIMA', '234234234', '', 'autorizado', '2019-01-21 00:00:00', '2019-01-24 11:03:13', 'admin', '2019-01-24 11:03:13', 'admin'),
	(132, '003', 'ENVIGADO', '1', 'CHEF BURGER COMPANY S.A.S', '003', 'PUNTO DE VENTA ENVIGADO FUNCIONARIO', 'ME003', 'BODEGA PUNTO DE VENTA ENVIGADO', 'MP100', 'BODEGA PRINCIPAL MATERIA PRIMA', '234234234', '', 'autorizado', '2019-01-21 00:00:00', '2019-01-24 11:03:45', 'admin', '2019-01-24 11:03:45', 'admin'),
	(133, '003', 'ENVIGADO', '1', 'CHEF BURGER COMPANY S.A.S', '003', 'PUNTO DE VENTA ENVIGADO FUNCIONARIO', 'ME003', 'BODEGA PUNTO DE VENTA ENVIGADO', 'MP100', 'BODEGA PRINCIPAL MATERIA PRIMA', '234234234', '', 'autorizado', '2019-01-21 00:00:00', '2019-01-24 11:14:11', 'admin', '2019-01-24 11:14:11', 'admin'),
	(134, '003', 'ENVIGADO', '1', 'CHEF BURGER COMPANY S.A.S', '003', 'PUNTO DE VENTA ENVIGADO FUNCIONARIO', 'ME003', 'BODEGA PUNTO DE VENTA ENVIGADO', 'MP100', 'BODEGA PRINCIPAL MATERIA PRIMA', '234234234', '', 'autorizado', '2019-01-21 00:00:00', '2019-01-24 11:18:34', 'admin', '2019-01-24 11:18:34', 'admin'),
	(135, '003', 'ENVIGADO', '1', 'CHEF BURGER COMPANY S.A.S', '003', 'PUNTO DE VENTA ENVIGADO FUNCIONARIO', 'ME003', 'BODEGA PUNTO DE VENTA ENVIGADO', 'MP100', 'BODEGA PRINCIPAL MATERIA PRIMA', '234234234', '', 'autorizado', '2019-01-21 00:00:00', '2019-01-24 11:18:46', 'admin', '2019-01-24 11:18:46', 'admin'),
	(136, '003', 'ENVIGADO', '1', 'CHEF BURGER COMPANY S.A.S', '003', 'PUNTO DE VENTA ENVIGADO FUNCIONARIO', 'ME003', 'BODEGA PUNTO DE VENTA ENVIGADO', 'MP100', 'BODEGA PRINCIPAL MATERIA PRIMA', '234234234', '', 'autorizado', '2019-01-21 00:00:00', '2019-01-24 11:20:54', 'admin', '2019-01-24 11:20:54', 'admin'),
	(137, '003', 'ENVIGADO', '1', 'CHEF BURGER COMPANY S.A.S', '003', 'PUNTO DE VENTA ENVIGADO FUNCIONARIO', 'ME003', 'BODEGA PUNTO DE VENTA ENVIGADO', 'MP100', 'BODEGA PRINCIPAL MATERIA PRIMA', '234234234', '', 'autorizado', '2019-01-21 00:00:00', '2019-01-24 11:21:03', 'admin', '2019-01-24 11:21:03', 'admin'),
	(138, '003', 'ENVIGADO', '1', 'CHEF BURGER COMPANY S.A.S', '003', 'PUNTO DE VENTA ENVIGADO FUNCIONARIO', 'ME003', 'BODEGA PUNTO DE VENTA ENVIGADO', 'MP100', 'BODEGA PRINCIPAL MATERIA PRIMA', '234234234', '', 'autorizado', '2019-01-21 00:00:00', '2019-01-24 11:41:45', 'admin', '2019-01-24 11:41:45', 'admin'),
	(139, '003', 'ENVIGADO', '1', 'CHEF BURGER COMPANY S.A.S', '003', 'PUNTO DE VENTA ENVIGADO FUNCIONARIO', 'ME003', 'BODEGA PUNTO DE VENTA ENVIGADO', 'MP100', 'BODEGA PRINCIPAL MATERIA PRIMA', '234234234', '', 'autorizado', '2019-01-21 00:00:00', '2019-01-24 11:42:11', 'admin', '2019-01-24 11:42:11', 'admin'),
	(140, '100', 'ADMINISTRATIVO', '1', 'CHEF BURGER COMPANY S.A.S', '010', 'PUNTO DE VENTA STAND FUNCIONARIO', 'MP100', 'BODEGA PRINCIPAL MATERIA PRIMA', 'ME101', 'BODEGA PUNTO DE VENTA TONY\'S', '1312', 'PUEBA INGENEO ENTRADA INVALIDA', 'autorizado', '2019-01-24 00:00:00', '2019-01-24 12:16:09', 'admin', '2019-01-24 12:16:09', 'admin'),
	(141, '003', 'ENVIGADO', '1', 'CHEF BURGER COMPANY S.A.S', '003', 'PUNTO DE VENTA ENVIGADO FUNCIONARIO', 'ME003', 'BODEGA PUNTO DE VENTA ENVIGADO', 'MP100', 'BODEGA PRINCIPAL MATERIA PRIMA', '234234', 'PRUEBA INGENEO CANCELAR ENTRADA', 'autorizado', '2019-01-24 00:00:00', '2019-01-24 15:07:24', 'admin', '2019-01-24 15:07:24', 'admin');

-- Volcando estructura para tabla chefburger.entry_detail
CREATE TABLE IF NOT EXISTS `entry_detail` (
  `id` int(11) NOT NULL AUTO_INCREMENT,
  `reference` varchar(250) NOT NULL,
  `description` text NOT NULL,
  `quantity` double NOT NULL,
  `unid_exist` double DEFAULT NULL,
  `category` varchar(45) DEFAULT NULL,
  `created` datetime NOT NULL,
  `created_by` varchar(150) NOT NULL,
  `modified` datetime NOT NULL,
  `modified_by` varchar(150) NOT NULL,
  `entry_id` int(11) NOT NULL,
  PRIMARY KEY (`id`),
  KEY `fk_entry_detail_entry1_idx` (`entry_id`),
  CONSTRAINT `fk_entry_detail_entry1` FOREIGN KEY (`entry_id`) REFERENCES `entry` (`id`) ON DELETE CASCADE ON UPDATE NO ACTION
) ENGINE=InnoDB AUTO_INCREMENT=142 DEFAULT CHARSET=utf8;

-- Volcando datos para la tabla chefburger.entry_detail: ~137 rows (aproximadamente)
DELETE FROM `entry_detail`;
INSERT INTO `entry_detail` (`id`, `reference`, `description`, `quantity`, `unid_exist`, `category`, `created`, `created_by`, `modified`, `modified_by`, `entry_id`) VALUES
	(1, '2182', 'AB ACEITE SUPER FRY X 20 LT', 1, NULL, 'P001', '2018-12-14 09:44:07', 'admin', '2018-12-14 09:44:07', 'admin', 7),
	(2, '2146435852', 'AB AJONJOLI X 500 GR', 1, NULL, 'P001', '2018-12-14 09:44:07', 'admin', '2018-12-14 09:44:07', 'admin', 7),
	(3, '2182', 'AB ACEITE SUPER FRY X 20 LT', 1, NULL, 'P001', '2018-12-14 10:03:58', 'admin', '2018-12-14 10:03:58', 'admin', 8),
	(4, '2146435852', 'AB AJONJOLI X 500 GR', 1, NULL, 'P001', '2018-12-14 10:03:58', 'admin', '2018-12-14 10:03:58', 'admin', 8),
	(7, '2444', 'AB APANADO POLLO Y O PESCADO ZAFRA X1000', 1, NULL, '1', '2018-12-14 12:12:32', 'admin', '2018-12-14 12:12:32', 'admin', 9),
	(8, '2468', 'AB AZUCAR BLANCA X 2500 GR              ', 1, NULL, '1', '2018-12-14 12:12:32', 'admin', '2018-12-14 12:12:32', 'admin', 9),
	(9, '2047', 'CA CARNE ARGENTINA 150 GR', 1, NULL, 'P005', '2018-12-14 12:12:32', 'admin', '2018-12-14 12:12:32', 'admin', 9),
	(10, '2182', 'AB ACEITE SUPER FRY X 20 LT', 1, NULL, 'P001', '2019-01-15 10:24:00', 'admin', '2019-01-15 10:24:00', 'admin', 10),
	(12, '2146435852', 'AB AJONJOLI X 500 GR', 1, NULL, 'P001', '2019-01-15 10:47:04', 'admin', '2019-01-15 10:47:04', 'admin', 12),
	(13, '2146435852', 'AB AJONJOLI X 500 GR', 1, NULL, 'P001', '2019-01-15 10:47:31', 'admin', '2019-01-15 10:47:31', 'admin', 13),
	(14, '2146435852', 'AB AJONJOLI X 500 GR', 1, NULL, 'P001', '2019-01-15 10:48:02', 'admin', '2019-01-15 10:48:02', 'admin', 14),
	(15, '2146435852', 'AB AJONJOLI X 500 GR', 1, NULL, 'P001', '2019-01-15 10:49:59', 'admin', '2019-01-15 10:49:59', 'admin', 15),
	(16, '2146435852', 'AB AJONJOLI X 500 GR', 1, NULL, 'P001', '2019-01-15 10:50:55', 'admin', '2019-01-15 10:50:55', 'admin', 16),
	(17, '2146435852', 'AB AJONJOLI X 500 GR', 1, NULL, 'P001', '2019-01-15 10:51:18', 'admin', '2019-01-15 10:51:18', 'admin', 17),
	(18, '2146435852', 'AB AJONJOLI X 500 GR', 1, NULL, 'P001', '2019-01-15 10:51:37', 'admin', '2019-01-15 10:51:37', 'admin', 18),
	(19, '2146435852', 'AB AJONJOLI X 500 GR', 1, NULL, 'P001', '2019-01-15 10:52:45', 'admin', '2019-01-15 10:52:45', 'admin', 19),
	(20, '2146435852', 'AB AJONJOLI X 500 GR', 1, NULL, 'P001', '2019-01-15 10:53:19', 'admin', '2019-01-15 10:53:19', 'admin', 20),
	(21, '2146435852', 'AB AJONJOLI X 500 GR', 1, NULL, 'P001', '2019-01-15 10:54:05', 'admin', '2019-01-15 10:54:05', 'admin', 21),
	(22, '2146435852', 'AB AJONJOLI X 500 GR', 1, NULL, 'P001', '2019-01-15 11:02:39', 'admin', '2019-01-15 11:02:39', 'admin', 22),
	(23, '2146435852', 'AB AJONJOLI X 500 GR', 1, NULL, 'P001', '2019-01-15 11:22:30', 'admin', '2019-01-15 11:22:30', 'admin', 23),
	(24, '2146435852', 'AB AJONJOLI X 500 GR', 1, NULL, 'P001', '2019-01-15 11:22:57', 'admin', '2019-01-15 11:22:57', 'admin', 24),
	(25, '2146435852', 'AB AJONJOLI X 500 GR', 1, NULL, 'P001', '2019-01-15 11:23:16', 'admin', '2019-01-15 11:23:16', 'admin', 25),
	(26, '2146435852', 'AB AJONJOLI X 500 GR', 1, NULL, 'P001', '2019-01-15 11:25:35', 'admin', '2019-01-15 11:25:35', 'admin', 26),
	(27, '2146435852', 'AB AJONJOLI X 500 GR', 1, NULL, 'P001', '2019-01-15 11:26:08', 'admin', '2019-01-15 11:26:08', 'admin', 27),
	(28, '2146435852', 'AB AJONJOLI X 500 GR', 1, NULL, 'P001', '2019-01-15 11:26:48', 'admin', '2019-01-15 11:26:48', 'admin', 28),
	(29, '2146435852', 'AB AJONJOLI X 500 GR', 1, NULL, 'P001', '2019-01-15 11:26:57', 'admin', '2019-01-15 11:26:57', 'admin', 29),
	(30, '2146435852', 'AB AJONJOLI X 500 GR', 1, NULL, 'P001', '2019-01-15 11:29:06', 'admin', '2019-01-15 11:29:06', 'admin', 30),
	(31, '2146435852', 'AB AJONJOLI X 500 GR', 1, NULL, 'P001', '2019-01-15 11:29:33', 'admin', '2019-01-15 11:29:33', 'admin', 31),
	(32, '2146435852', 'AB AJONJOLI X 500 GR', 1, NULL, 'P001', '2019-01-15 11:30:04', 'admin', '2019-01-15 11:30:04', 'admin', 32),
	(33, '2146435852', 'AB AJONJOLI X 500 GR', 1, NULL, 'P001', '2019-01-15 11:30:22', 'admin', '2019-01-15 11:30:22', 'admin', 33),
	(34, '2146435852', 'AB AJONJOLI X 500 GR', 1, NULL, 'P001', '2019-01-15 11:30:36', 'admin', '2019-01-15 11:30:36', 'admin', 34),
	(35, '2146435852', 'AB AJONJOLI X 500 GR', 1, NULL, 'P001', '2019-01-15 11:30:53', 'admin', '2019-01-15 11:30:53', 'admin', 35),
	(36, '2146435852', 'AB AJONJOLI X 500 GR', 1, NULL, 'P001', '2019-01-15 11:31:11', 'admin', '2019-01-15 11:31:11', 'admin', 36),
	(37, '2146435852', 'AB AJONJOLI X 500 GR', 1, NULL, 'P001', '2019-01-15 11:50:33', 'admin', '2019-01-15 11:50:33', 'admin', 37),
	(38, '2146435852', 'AB AJONJOLI X 500 GR', 1, NULL, 'P001', '2019-01-15 11:50:50', 'admin', '2019-01-15 11:50:50', 'admin', 38),
	(39, '2146435852', 'AB AJONJOLI X 500 GR', 1, NULL, 'P001', '2019-01-15 11:51:03', 'admin', '2019-01-15 11:51:03', 'admin', 39),
	(40, '2146435852', 'AB AJONJOLI X 500 GR', 1, NULL, 'P001', '2019-01-15 11:51:20', 'admin', '2019-01-15 11:51:20', 'admin', 40),
	(41, '2146435852', 'AB AJONJOLI X 500 GR', 1, NULL, 'P001', '2019-01-15 11:51:29', 'admin', '2019-01-15 11:51:29', 'admin', 41),
	(42, '2146435852', 'AB AJONJOLI X 500 GR', 1, NULL, 'P001', '2019-01-15 11:53:12', 'admin', '2019-01-15 11:53:12', 'admin', 42),
	(43, '2146435852', 'AB AJONJOLI X 500 GR', 1, NULL, 'P001', '2019-01-15 11:53:23', 'admin', '2019-01-15 11:53:23', 'admin', 43),
	(44, '2146435852', 'AB AJONJOLI X 500 GR', 1, NULL, 'P001', '2019-01-15 11:54:46', 'admin', '2019-01-15 11:54:46', 'admin', 44),
	(45, '2146435852', 'AB AJONJOLI X 500 GR', 1, NULL, 'P001', '2019-01-15 11:55:10', 'admin', '2019-01-15 11:55:10', 'admin', 45),
	(46, '2146435852', 'AB AJONJOLI X 500 GR', 1, NULL, 'P001', '2019-01-15 11:55:18', 'admin', '2019-01-15 11:55:18', 'admin', 46),
	(47, '2146435852', 'AB AJONJOLI X 500 GR', 1, NULL, 'P001', '2019-01-15 11:55:32', 'admin', '2019-01-15 11:55:32', 'admin', 47),
	(48, '2146435852', 'AB AJONJOLI X 500 GR', 1, NULL, 'P001', '2019-01-15 11:56:15', 'admin', '2019-01-15 11:56:15', 'admin', 48),
	(49, '2146435852', 'AB AJONJOLI X 500 GR', 1, NULL, 'P001', '2019-01-15 12:26:07', 'admin', '2019-01-15 12:26:07', 'admin', 49),
	(50, '2146435852', 'AB AJONJOLI X 500 GR', 1, NULL, 'P001', '2019-01-15 12:29:16', 'admin', '2019-01-15 12:29:16', 'admin', 50),
	(51, '2146435852', 'AB AJONJOLI X 500 GR', 1, NULL, 'P001', '2019-01-15 12:29:43', 'admin', '2019-01-15 12:29:43', 'admin', 51),
	(52, '2146435852', 'AB AJONJOLI X 500 GR', 1, NULL, 'P001', '2019-01-15 12:29:58', 'admin', '2019-01-15 12:29:58', 'admin', 52),
	(53, '2146435852', 'AB AJONJOLI X 500 GR', 1, NULL, 'P001', '2019-01-15 12:30:22', 'admin', '2019-01-15 12:30:22', 'admin', 53),
	(54, '2146435852', 'AB AJONJOLI X 500 GR', 1, NULL, 'P001', '2019-01-15 12:30:48', 'admin', '2019-01-15 12:30:48', 'admin', 54),
	(55, '2146435852', 'AB AJONJOLI X 500 GR', 1, NULL, 'P001', '2019-01-15 13:41:37', 'admin', '2019-01-15 13:41:37', 'admin', 55),
	(56, '2146435852', 'AB AJONJOLI X 500 GR', 1, NULL, 'P001', '2019-01-15 13:41:55', 'admin', '2019-01-15 13:41:55', 'admin', 56),
	(57, '2146435852', 'AB AJONJOLI X 500 GR', 1, NULL, 'P001', '2019-01-15 13:42:03', 'admin', '2019-01-15 13:42:03', 'admin', 57),
	(58, '2146435852', 'AB AJONJOLI X 500 GR', 1, NULL, 'P001', '2019-01-15 13:42:14', 'admin', '2019-01-15 13:42:14', 'admin', 58),
	(59, '2146435852', 'AB AJONJOLI X 500 GR', 1, NULL, 'P001', '2019-01-15 13:42:26', 'admin', '2019-01-15 13:42:26', 'admin', 59),
	(60, '2146435852', 'AB AJONJOLI X 500 GR', 1, NULL, 'P001', '2019-01-15 13:55:00', 'admin', '2019-01-15 13:55:00', 'admin', 60),
	(61, '2146435852', 'AB AJONJOLI X 500 GR', 1, NULL, 'P001', '2019-01-15 13:55:09', 'admin', '2019-01-15 13:55:09', 'admin', 61),
	(62, '2146435852', 'AB AJONJOLI X 500 GR', 1, NULL, 'P001', '2019-01-15 13:56:21', 'admin', '2019-01-15 13:56:21', 'admin', 62),
	(63, '2146435852', 'AB AJONJOLI X 500 GR', 1, NULL, 'P001', '2019-01-15 13:56:46', 'admin', '2019-01-15 13:56:46', 'admin', 63),
	(64, '2146435852', 'AB AJONJOLI X 500 GR', 1, NULL, 'P001', '2019-01-15 14:01:27', 'admin', '2019-01-15 14:01:27', 'admin', 64),
	(65, '2146435852', 'AB AJONJOLI X 500 GR', 1, NULL, 'P001', '2019-01-15 14:06:26', 'admin', '2019-01-15 14:06:26', 'admin', 65),
	(66, '2146435852', 'AB AJONJOLI X 500 GR', 1, NULL, 'P001', '2019-01-15 14:07:24', 'admin', '2019-01-15 14:07:24', 'admin', 66),
	(67, '2146435852', 'AB AJONJOLI X 500 GR', 1, NULL, 'P001', '2019-01-15 14:08:20', 'admin', '2019-01-15 14:08:20', 'admin', 67),
	(68, '2146435852', 'AB AJONJOLI X 500 GR', 1, NULL, 'P001', '2019-01-15 14:29:56', 'admin', '2019-01-15 14:29:56', 'admin', 68),
	(69, '2146435852', 'AB AJONJOLI X 500 GR', 1, NULL, 'P001', '2019-01-15 14:30:15', 'admin', '2019-01-15 14:30:15', 'admin', 69),
	(70, '2146435852', 'AB AJONJOLI X 500 GR', 1, NULL, 'P001', '2019-01-15 14:45:55', 'admin', '2019-01-15 14:45:55', 'admin', 70),
	(71, '2146435852', 'AB AJONJOLI X 500 GR', 1, NULL, 'P001', '2019-01-15 15:30:38', 'admin', '2019-01-15 15:30:38', 'admin', 71),
	(72, '2146435852', 'AB AJONJOLI X 500 GR', 1, NULL, 'P001', '2019-01-15 15:44:45', 'admin', '2019-01-15 15:44:45', 'admin', 72),
	(73, '2146435852', 'AB AJONJOLI X 500 GR', 1, NULL, 'P001', '2019-01-15 15:45:14', 'admin', '2019-01-15 15:45:14', 'admin', 73),
	(74, '2146435852', 'AB AJONJOLI X 500 GR', 1, NULL, 'P001', '2019-01-15 15:46:31', 'admin', '2019-01-15 15:46:31', 'admin', 74),
	(75, '2146435852', 'AB AJONJOLI X 500 GR', 1, NULL, 'P001', '2019-01-15 15:46:42', 'admin', '2019-01-15 15:46:42', 'admin', 75),
	(76, '2146435852', 'AB AJONJOLI X 500 GR', 1, NULL, 'P001', '2019-01-15 15:46:55', 'admin', '2019-01-15 15:46:55', 'admin', 76),
	(77, '2146435852', 'AB AJONJOLI X 500 GR', 1, NULL, 'P001', '2019-01-15 15:49:49', 'admin', '2019-01-15 15:49:49', 'admin', 77),
	(78, '2182', 'AB ACEITE SUPER FRY X 20 LT', 1, NULL, 'P001', '2019-01-21 16:41:04', 'admin', '2019-01-21 16:41:04', 'admin', 78),
	(79, '2182', 'AB ACEITE SUPER FRY X 20 LT', 1, NULL, 'P001', '2019-01-21 17:02:11', 'admin', '2019-01-21 17:02:11', 'admin', 79),
	(80, '2182', 'AB ACEITE SUPER FRY X 20 LT', 1, NULL, 'P001', '2019-01-21 17:03:27', 'admin', '2019-01-21 17:03:27', 'admin', 80),
	(81, '2182', 'AB ACEITE SUPER FRY X 20 LT', 1, NULL, 'P001', '2019-01-21 17:05:26', 'admin', '2019-01-21 17:05:26', 'admin', 81),
	(82, '2182', 'AB ACEITE SUPER FRY X 20 LT', 1, NULL, 'P001', '2019-01-21 17:05:38', 'admin', '2019-01-21 17:05:38', 'admin', 82),
	(83, '2182', 'AB ACEITE SUPER FRY X 20 LT', 1, NULL, 'P001', '2019-01-21 17:12:43', 'admin', '2019-01-21 17:12:43', 'admin', 83),
	(84, '2182', 'AB ACEITE SUPER FRY X 20 LT', 1, NULL, 'P001', '2019-01-21 17:13:01', 'admin', '2019-01-21 17:13:01', 'admin', 84),
	(85, '2182', 'AB ACEITE SUPER FRY X 20 LT', 1, NULL, 'P001', '2019-01-21 17:13:11', 'admin', '2019-01-21 17:13:11', 'admin', 85),
	(86, '2182', 'AB ACEITE SUPER FRY X 20 LT', 1, NULL, 'P001', '2019-01-22 11:24:20', 'admin', '2019-01-22 11:24:20', 'admin', 86),
	(87, '2182', 'AB ACEITE SUPER FRY X 20 LT', 1, NULL, 'P001', '2019-01-22 11:24:38', 'admin', '2019-01-22 11:24:38', 'admin', 87),
	(88, '2182', 'AB ACEITE SUPER FRY X 20 LT', 1, NULL, 'P001', '2019-01-22 11:25:12', 'admin', '2019-01-22 11:25:12', 'admin', 88),
	(89, '2182', 'AB ACEITE SUPER FRY X 20 LT', 1, NULL, 'P001', '2019-01-22 11:34:34', 'admin', '2019-01-22 11:34:34', 'admin', 89),
	(90, '2182', 'AB ACEITE SUPER FRY X 20 LT', 1, NULL, 'P001', '2019-01-22 11:40:36', 'admin', '2019-01-22 11:40:36', 'admin', 90),
	(91, '2182', 'AB ACEITE SUPER FRY X 20 LT', 1, NULL, 'P001', '2019-01-22 11:40:50', 'admin', '2019-01-22 11:40:50', 'admin', 91),
	(92, '2182', 'AB ACEITE SUPER FRY X 20 LT', 1, NULL, 'P001', '2019-01-22 11:41:39', 'admin', '2019-01-22 11:41:39', 'admin', 92),
	(93, '2182', 'AB ACEITE SUPER FRY X 20 LT', 1, NULL, 'P001', '2019-01-22 11:47:18', 'admin', '2019-01-22 11:47:18', 'admin', 93),
	(94, '2182', 'AB ACEITE SUPER FRY X 20 LT', 1, NULL, 'P001', '2019-01-22 11:47:33', 'admin', '2019-01-22 11:47:33', 'admin', 94),
	(95, '2182', 'AB ACEITE SUPER FRY X 20 LT', 1, NULL, 'P001', '2019-01-22 11:47:42', 'admin', '2019-01-22 11:47:42', 'admin', 95),
	(96, '2182', 'AB ACEITE SUPER FRY X 20 LT', 1, NULL, 'P001', '2019-01-22 11:48:27', 'admin', '2019-01-22 11:48:27', 'admin', 96),
	(97, '2182', 'AB ACEITE SUPER FRY X 20 LT', 1, NULL, 'P001', '2019-01-22 11:48:43', 'admin', '2019-01-22 11:48:43', 'admin', 97),
	(98, '2182', 'AB ACEITE SUPER FRY X 20 LT', 1, NULL, 'P001', '2019-01-22 11:49:24', 'admin', '2019-01-22 11:49:24', 'admin', 98),
	(99, '2182', 'AB ACEITE SUPER FRY X 20 LT', 1, NULL, 'P001', '2019-01-22 11:49:44', 'admin', '2019-01-22 11:49:44', 'admin', 99),
	(100, '2182', 'AB ACEITE SUPER FRY X 20 LT', 1, NULL, 'P001', '2019-01-22 11:50:11', 'admin', '2019-01-22 11:50:11', 'admin', 100),
	(101, '2182', 'AB ACEITE SUPER FRY X 20 LT', 1, NULL, 'P001', '2019-01-22 12:27:33', 'admin', '2019-01-22 12:27:33', 'admin', 101),
	(102, '2182', 'AB ACEITE SUPER FRY X 20 LT', 1, NULL, 'P001', '2019-01-23 14:40:48', 'admin', '2019-01-23 14:40:48', 'admin', 102),
	(103, '2182', 'AB ACEITE SUPER FRY X 20 LT', 1, NULL, 'P001', '2019-01-23 14:43:20', 'admin', '2019-01-23 14:43:20', 'admin', 103),
	(104, '2182', 'AB ACEITE SUPER FRY X 20 LT', 1, NULL, 'P001', '2019-01-23 14:43:36', 'admin', '2019-01-23 14:43:36', 'admin', 104),
	(105, '2182', 'AB ACEITE SUPER FRY X 20 LT', 1, NULL, 'P001', '2019-01-23 14:45:23', 'admin', '2019-01-23 14:45:23', 'admin', 105),
	(106, '2182', 'AB ACEITE SUPER FRY X 20 LT', 1, NULL, 'P001', '2019-01-23 14:45:40', 'admin', '2019-01-23 14:45:40', 'admin', 106),
	(107, '2182', 'AB ACEITE SUPER FRY X 20 LT', 1, NULL, 'P001', '2019-01-23 15:24:44', 'admin', '2019-01-23 15:24:44', 'admin', 107),
	(108, '2182', 'AB ACEITE SUPER FRY X 20 LT', 1, NULL, 'P001', '2019-01-23 15:25:58', 'admin', '2019-01-23 15:25:58', 'admin', 108),
	(109, '2182', 'AB ACEITE SUPER FRY X 20 LT', 1, NULL, 'P001', '2019-01-23 15:26:11', 'admin', '2019-01-23 15:26:11', 'admin', 109),
	(110, '2182', 'AB ACEITE SUPER FRY X 20 LT', 1, NULL, 'P001', '2019-01-23 15:26:37', 'admin', '2019-01-23 15:26:37', 'admin', 110),
	(111, '2182', 'AB ACEITE SUPER FRY X 20 LT', 1, NULL, 'P001', '2019-01-23 15:33:41', 'admin', '2019-01-23 15:33:41', 'admin', 111),
	(112, '2182', 'AB ACEITE SUPER FRY X 20 LT', 1, NULL, 'P001', '2019-01-23 15:33:59', 'admin', '2019-01-23 15:33:59', 'admin', 112),
	(113, '2182', 'AB ACEITE SUPER FRY X 20 LT', 1, NULL, 'P001', '2019-01-23 15:38:00', 'admin', '2019-01-23 15:38:00', 'admin', 113),
	(114, '2182', 'AB ACEITE SUPER FRY X 20 LT', 1, NULL, 'P001', '2019-01-23 15:38:33', 'admin', '2019-01-23 15:38:33', 'admin', 114),
	(115, '2182', 'AB ACEITE SUPER FRY X 20 LT', 1, NULL, 'P001', '2019-01-23 15:41:34', 'admin', '2019-01-23 15:41:34', 'admin', 115),
	(116, '2182', 'AB ACEITE SUPER FRY X 20 LT', 1, NULL, 'P001', '2019-01-23 15:41:49', 'admin', '2019-01-23 15:41:49', 'admin', 116),
	(117, '2182', 'AB ACEITE SUPER FRY X 20 LT', 1, NULL, 'P001', '2019-01-23 15:41:59', 'admin', '2019-01-23 15:41:59', 'admin', 117),
	(118, '2182', 'AB ACEITE SUPER FRY X 20 LT', 1, NULL, 'P001', '2019-01-23 15:44:17', 'admin', '2019-01-23 15:44:17', 'admin', 118),
	(119, '2182', 'AB ACEITE SUPER FRY X 20 LT', 1, NULL, 'P001', '2019-01-23 15:50:13', 'admin', '2019-01-23 15:50:13', 'admin', 119),
	(120, '2182', 'AB ACEITE SUPER FRY X 20 LT', 1, NULL, 'P001', '2019-01-23 15:50:58', 'admin', '2019-01-23 15:50:58', 'admin', 120),
	(121, '2182', 'AB ACEITE SUPER FRY X 20 LT', 1, NULL, 'P001', '2019-01-23 15:51:30', 'admin', '2019-01-23 15:51:30', 'admin', 121),
	(122, '2182', 'AB ACEITE SUPER FRY X 20 LT', 1, NULL, 'P001', '2019-01-23 15:51:37', 'admin', '2019-01-23 15:51:37', 'admin', 122),
	(123, '2182', 'AB ACEITE SUPER FRY X 20 LT', 1, NULL, 'P001', '2019-01-24 10:38:33', 'admin', '2019-01-24 10:38:33', 'admin', 123),
	(124, '2182', 'AB ACEITE SUPER FRY X 20 LT', 1, NULL, 'P001', '2019-01-24 10:39:15', 'admin', '2019-01-24 10:39:15', 'admin', 124),
	(125, '2182', 'AB ACEITE SUPER FRY X 20 LT', 1, NULL, 'P001', '2019-01-24 10:39:26', 'admin', '2019-01-24 10:39:26', 'admin', 125),
	(126, '2182', 'AB ACEITE SUPER FRY X 20 LT', 1, NULL, 'P001', '2019-01-24 10:39:51', 'admin', '2019-01-24 10:39:51', 'admin', 126),
	(127, '2182', 'AB ACEITE SUPER FRY X 20 LT', 1, NULL, 'P001', '2019-01-24 10:39:58', 'admin', '2019-01-24 10:39:58', 'admin', 127),
	(128, '2182', 'AB ACEITE SUPER FRY X 20 LT', 1, NULL, 'P001', '2019-01-24 10:50:36', 'admin', '2019-01-24 10:50:36', 'admin', 128),
	(129, '2182', 'AB ACEITE SUPER FRY X 20 LT', 1, NULL, 'P001', '2019-01-24 10:50:56', 'admin', '2019-01-24 10:50:56', 'admin', 129),
	(130, '2182', 'AB ACEITE SUPER FRY X 20 LT', 1, NULL, 'P001', '2019-01-24 11:02:55', 'admin', '2019-01-24 11:02:55', 'admin', 130),
	(131, '2182', 'AB ACEITE SUPER FRY X 20 LT', 1, NULL, 'P001', '2019-01-24 11:03:13', 'admin', '2019-01-24 11:03:13', 'admin', 131),
	(132, '2182', 'AB ACEITE SUPER FRY X 20 LT', 1, NULL, 'P001', '2019-01-24 11:03:45', 'admin', '2019-01-24 11:03:45', 'admin', 132),
	(133, '2182', 'AB ACEITE SUPER FRY X 20 LT', 1, NULL, 'P001', '2019-01-24 11:14:11', 'admin', '2019-01-24 11:14:11', 'admin', 133),
	(134, '2182', 'AB ACEITE SUPER FRY X 20 LT', 1, NULL, 'P001', '2019-01-24 11:18:34', 'admin', '2019-01-24 11:18:34', 'admin', 134),
	(135, '2182', 'AB ACEITE SUPER FRY X 20 LT', 1, NULL, 'P001', '2019-01-24 11:18:46', 'admin', '2019-01-24 11:18:46', 'admin', 135),
	(136, '2182', 'AB ACEITE SUPER FRY X 20 LT', 1, NULL, 'P001', '2019-01-24 11:20:54', 'admin', '2019-01-24 11:20:54', 'admin', 136),
	(137, '2182', 'AB ACEITE SUPER FRY X 20 LT', 1, NULL, 'P001', '2019-01-24 11:21:03', 'admin', '2019-01-24 11:21:03', 'admin', 137),
	(138, '2182', 'AB ACEITE SUPER FRY X 20 LT', 1, NULL, 'P001', '2019-01-24 11:41:46', 'admin', '2019-01-24 11:41:46', 'admin', 138),
	(139, '2182', 'AB ACEITE SUPER FRY X 20 LT', 1, NULL, 'P001', '2019-01-24 11:42:11', 'admin', '2019-01-24 11:42:11', 'admin', 139),
	(140, '2182', 'AB ACEITE SUPER FRY X 20 LT', 1, NULL, 'P001', '2019-01-24 12:16:09', 'admin', '2019-01-24 12:16:09', 'admin', 140),
	(141, '2182', 'AB ACEITE SUPER FRY X 20 LT', 1, NULL, 'P001', '2019-01-24 15:07:25', 'admin', '2019-01-24 15:07:25', 'admin', 141);

-- Volcando estructura para tabla chefburger.menu
CREATE TABLE IF NOT EXISTS `menu` (
  `id` int(11) NOT NULL AUTO_INCREMENT,
  `name` varchar(128) NOT NULL,
  `parent` int(11) DEFAULT NULL,
  `route` varchar(255) DEFAULT NULL,
  `order` int(11) DEFAULT NULL,
  `data` blob,
  PRIMARY KEY (`id`),
  KEY `parent` (`parent`),
  CONSTRAINT `menu_ibfk_1` FOREIGN KEY (`parent`) REFERENCES `menu` (`id`) ON DELETE SET NULL ON UPDATE CASCADE
) ENGINE=InnoDB AUTO_INCREMENT=20 DEFAULT CHARSET=utf8;

-- Volcando datos para la tabla chefburger.menu: ~15 rows (aproximadamente)
DELETE FROM `menu`;
INSERT INTO `menu` (`id`, `name`, `parent`, `route`, `order`, `data`) VALUES
	(1, 'Configuración', NULL, NULL, 99, _binary 0x636F6773),
	(2, 'Menú', 1, '/admin/menu/index', 1, _binary 0x62617273),
	(3, 'Roles', 1, '/admin/role/index', 2, _binary 0x7573657273),
	(4, 'Asiganción', 1, '/admin/assignment/index', NULL, _binary 0x757365722D706C7573),
	(5, 'Rutas', 1, '/admin/route/index', NULL, _binary 0x65786368616E6765),
	(6, 'Permisos', 1, '/admin/permission/index', NULL, _binary 0x6375626573),
	(7, 'Usuarios', 1, '/admin/user/index', NULL, _binary 0x75736572),
	(12, 'Listar requisiciones', 18, '/requisition/index', 2, _binary 0x6C6973742D6F6C),
	(13, 'Crear requisición', 18, '/requisition/create', 2, _binary 0x706C7573),
	(14, 'Puntos de venta', NULL, '/configpdv/index', 3, _binary 0x686F6D65),
	(15, 'Usuarios - PDV', NULL, '/usrpdv/index', 4, _binary 0x757365722D706C7573),
	(16, 'Entradas', NULL, NULL, NULL, _binary 0x6172726F772D636972636C652D7570),
	(17, 'Crear entrada', 16, '/entry/create', NULL, _binary 0x706C7573),
	(18, 'Requisiciones', NULL, NULL, NULL, _binary 0x65786368616E6765),
	(19, 'Listar entradas', 16, '/entry/index', 1, _binary 0x6C6973742D6F6C);

-- Volcando estructura para tabla chefburger.migration
CREATE TABLE IF NOT EXISTS `migration` (
  `version` varchar(180) NOT NULL,
  `apply_time` int(11) DEFAULT NULL,
  PRIMARY KEY (`version`)
) ENGINE=MyISAM DEFAULT CHARSET=utf8;

-- Volcando datos para la tabla chefburger.migration: 6 rows
DELETE FROM `migration`;
INSERT INTO `migration` (`version`, `apply_time`) VALUES
	('m000000_000000_base', 1531846853),
	('m140602_111327_create_menu_table', 1531846855),
	('m160312_050000_create_user', 1531846856),
	('m140506_102106_rbac_init', 1531847508),
	('m170907_052038_rbac_add_index_on_auth_assignment_user_id', 1531847508),
	('nemmo\\attachments\\migrations\\m150127_040544_add_attachments', 1532471218);

-- Volcando estructura para tabla chefburger.requisition
CREATE TABLE IF NOT EXISTS `requisition` (
  `id` int(11) NOT NULL AUTO_INCREMENT,
  `id_co` varchar(45) NOT NULL,
  `name_co` varchar(250) NOT NULL,
  `id_cia` varchar(45) NOT NULL,
  `name_cia` varchar(250) NOT NULL,
  `nit` varchar(45) NOT NULL,
  `business_name` varchar(250) NOT NULL,
  `code_branch` varchar(250) DEFAULT NULL,
  `branch_name` varchar(250) DEFAULT NULL,
  `id_cellar_out` varchar(45) DEFAULT NULL,
  `name_cellar_out` varchar(250) DEFAULT NULL,
  `id_cellar_in` varchar(45) DEFAULT NULL,
  `name_cellar_in` varchar(45) DEFAULT NULL,
  `num_req` varchar(250) DEFAULT NULL,
  `description` text,
  `status` varchar(45) NOT NULL,
  `date` datetime NOT NULL,
  `total_neto` varchar(45) DEFAULT NULL,
  `total_iva` varchar(45) DEFAULT NULL,
  `total` varchar(45) DEFAULT NULL,
  `created` datetime NOT NULL,
  `created_by` varchar(150) NOT NULL,
  `modified` datetime NOT NULL,
  `modified_by` varchar(150) NOT NULL,
  PRIMARY KEY (`id`)
) ENGINE=InnoDB AUTO_INCREMENT=39 DEFAULT CHARSET=utf8;

-- Volcando datos para la tabla chefburger.requisition: ~3 rows (aproximadamente)
DELETE FROM `requisition`;
INSERT INTO `requisition` (`id`, `id_co`, `name_co`, `id_cia`, `name_cia`, `nit`, `business_name`, `code_branch`, `branch_name`, `id_cellar_out`, `name_cellar_out`, `id_cellar_in`, `name_cellar_in`, `num_req`, `description`, `status`, `date`, `total_neto`, `total_iva`, `total`, `created`, `created_by`, `modified`, `modified_by`) VALUES
	(36, '001', 'POBLADO', '1', 'CHEF BURGER COMPANY S.A.S', '001', 'PUNTO DE VENTA POBLADO', NULL, NULL, 'MP100', 'BODEGA PRINCIPAL MATERIA PRIMA', 'ME001', 'BODEGA PUNTO DE VENTA POBLADO', '16632233', 'prueba ingeneo no despachar', 'pendiente', '2018-11-30 00:00:00', NULL, NULL, NULL, '2018-11-02 18:28:06', 'admin', '2018-11-02 18:28:06', 'admin'),
	(37, '012', 'CENTRAL', '1', 'CHEF BURGER COMPANY S.A.S', '003', 'PUNTO DE VENTA ENVIGADO FUNCIONARIO', NULL, NULL, 'MP100', 'BODEGA PRINCIPAL MATERIA PRIMA', 'ME003', 'BODEGA PUNTO DE VENTA ENVIGADO', '345653yasr', '', 'autorizado', '2018-11-27 00:00:00', NULL, NULL, NULL, '2018-11-02 18:31:04', 'admin', '2018-11-02 18:31:04', 'admin'),
	(38, '001', 'POBLADO', '1', 'CHEF BURGER COMPANY S.A.S', '001', 'PUNTO DE VENTA POBLADO', NULL, NULL, 'MP100', 'BODEGA PRINCIPAL MATERIA PRIMA', 'ME001', 'BODEGA PUNTO DE VENTA POBLADO', '32323', '', 'pendiente', '2018-11-30 00:00:00', NULL, NULL, NULL, '2018-11-22 15:02:05', 'admin', '2018-11-22 15:02:05', 'admin');

-- Volcando estructura para tabla chefburger.requisition_detail
CREATE TABLE IF NOT EXISTS `requisition_detail` (
  `id` int(11) NOT NULL AUTO_INCREMENT,
  `reference` varchar(250) NOT NULL,
  `description` text NOT NULL,
  `quantity` double NOT NULL,
  `unid_exist` double DEFAULT NULL,
  `category` varchar(45) DEFAULT NULL,
  `created` datetime NOT NULL,
  `created_by` varchar(150) NOT NULL,
  `modified` datetime NOT NULL,
  `modified_by` varchar(150) NOT NULL,
  `requisition_id` int(11) NOT NULL,
  PRIMARY KEY (`id`),
  KEY `fk_requisition_detail_requisition1_idx` (`requisition_id`),
  CONSTRAINT `fk_requisition_detail_requisition1` FOREIGN KEY (`requisition_id`) REFERENCES `requisition` (`id`) ON DELETE CASCADE ON UPDATE NO ACTION
) ENGINE=InnoDB AUTO_INCREMENT=6 DEFAULT CHARSET=utf8;

-- Volcando datos para la tabla chefburger.requisition_detail: ~3 rows (aproximadamente)
DELETE FROM `requisition_detail`;
INSERT INTO `requisition_detail` (`id`, `reference`, `description`, `quantity`, `unid_exist`, `category`, `created`, `created_by`, `modified`, `modified_by`, `requisition_id`) VALUES
	(2, '2146435852', 'AB AJONJOLI X 500 GR', 4, NULL, 'P001', '2018-11-02 18:31:05', 'admin', '2018-11-02 18:31:05', 'admin', 37),
	(3, '2182', 'AB ACEITE SUPER FRY X 20 LT', 12, NULL, 'P001', '2018-11-22 15:02:05', 'admin', '2018-11-22 15:02:05', 'admin', 38),
	(4, '2182', 'AB ACEITE SUPER FRY X 20 LT', 1, NULL, 'P001', '2018-12-14 13:40:28', 'admin', '2018-12-14 13:40:28', 'admin', 36),
	(5, '2047', 'CA CARNE ARGENTINA 150 GR', 1, NULL, 'P005', '2018-12-14 13:40:28', 'admin', '2018-12-14 13:40:28', 'admin', 36);

-- Volcando estructura para tabla chefburger.user
CREATE TABLE IF NOT EXISTS `user` (
  `id` int(11) NOT NULL AUTO_INCREMENT,
  `username` varchar(32) COLLATE utf8_unicode_ci NOT NULL,
  `auth_key` varchar(32) COLLATE utf8_unicode_ci NOT NULL,
  `password_hash` varchar(255) COLLATE utf8_unicode_ci NOT NULL,
  `password_reset_token` varchar(255) COLLATE utf8_unicode_ci DEFAULT NULL,
  `email` varchar(255) COLLATE utf8_unicode_ci NOT NULL,
  `status` smallint(6) NOT NULL DEFAULT '10',
  `created_at` int(11) NOT NULL,
  `updated_at` int(11) NOT NULL,
  PRIMARY KEY (`id`)
) ENGINE=InnoDB AUTO_INCREMENT=3 DEFAULT CHARSET=utf8 COLLATE=utf8_unicode_ci;

-- Volcando datos para la tabla chefburger.user: ~2 rows (aproximadamente)
DELETE FROM `user`;
INSERT INTO `user` (`id`, `username`, `auth_key`, `password_hash`, `password_reset_token`, `email`, `status`, `created_at`, `updated_at`) VALUES
	(1, 'admin', 'vWmJHxkg0IIK9SZslDI7NCKlMuAkePrV', '$2y$13$zf8NvLGh5WWMeHf9xGJd3Osc6laAmMjTATyku.7imqYgo8DS1X2t6', '', 'arcila.alexander@gmail.com', 10, 1531856557, 1531856557),
	(2, 'poblado', 'cYYYqGRAevyYejhc3QRcrleBVXbVaN6R', '$2y$13$Y499yqpP.nqZl4erBDBOpOkcGk57Gel/vVTKhCd8gEm/iiV42Xa0G', NULL, 'poblado@chefburger.com', 10, 1544535094, 1544535094);

-- Volcando estructura para tabla chefburger.usr_pdv
CREATE TABLE IF NOT EXISTS `usr_pdv` (
  `id` int(11) NOT NULL AUTO_INCREMENT,
  `user_id` int(11) NOT NULL,
  `config_pdv_id` int(11) NOT NULL,
  PRIMARY KEY (`id`),
  KEY `fk_usr_pdv_user1_idx` (`user_id`),
  KEY `fk_usr_pdv_config_pdv1_idx` (`config_pdv_id`),
  CONSTRAINT `fk_usr_pdv_config_pdv1` FOREIGN KEY (`config_pdv_id`) REFERENCES `config_pdv` (`id`) ON DELETE CASCADE ON UPDATE NO ACTION,
  CONSTRAINT `fk_usr_pdv_user1` FOREIGN KEY (`user_id`) REFERENCES `user` (`id`) ON DELETE CASCADE ON UPDATE NO ACTION
) ENGINE=InnoDB AUTO_INCREMENT=5 DEFAULT CHARSET=utf8;

-- Volcando datos para la tabla chefburger.usr_pdv: ~3 rows (aproximadamente)
DELETE FROM `usr_pdv`;
INSERT INTO `usr_pdv` (`id`, `user_id`, `config_pdv_id`) VALUES
	(1, 1, 2),
	(2, 1, 3),
	(3, 2, 2),
	(4, 1, 4);

